000
CDUS41 KBOX 142142
CLIBDL


CLIMATE REPORT
NATIONAL WEATHER SERVICE BOSTON/NORTON MA
542 PM EDT SAT APR 14 2018


...................................

...THE HARTFORD CT CLIMATE SUMMARY FOR APRIL 14 2018...
VALID TODAY AS OF 0500 PM LOCAL TIME.

CLIMATE NORMAL PERIOD 1981 TO 2010
CLIMATE RECORD PERIOD 1904 TO 2018


WEATHER ITEM   OBSERVED TIME   RECORD YEAR NORMAL DEPARTURE LAST
                VALUE   (LST)  VALUE       VALUE  FROM      YEAR
                                                  NORMAL
..................................................................
TEMPERATURE (F)
 TODAY
  MAXIMUM         71    146 PM  82    1941  60     11       65
  MINIMUM         48    544 AM  24    1959  38     10       36
  AVERAGE         60                        49     11       51

PRECIPITATION (IN)
  TODAY            0.00          3.57 1909   0.13  -0.13     0.00
  MONTH TO DATE    1.28                      1.78  -0.50     2.27
  SINCE MAR 1      3.93                      5.40  -1.47     6.20
  SINCE JAN 1     12.92                     11.52   1.40    12.18

SNOWFALL (IN)
  TODAY            0.0           4.0  1950   0.0    0.0      0.0
  MONTH TO DATE    6.5                       1.0    5.5      0.5
  SINCE MAR 1     23.1                       7.4   15.7     19.6
  SINCE JUL 1     54.9                      40.1   14.8     62.3
  SNOW DEPTH       0

DEGREE DAYS
 HEATING
  TODAY            5                        16    -11       14
  MONTH TO DATE  335                       263     72      221
  SINCE MAR 1   1187                      1106     81     1198
  SINCE JUL 1   5383                      5544   -161     5091

 COOLING
  TODAY            0                         0      0        0
  MONTH TO DATE    0                         0      0        4
  SINCE MAR 1      0                         0      0        4
  SINCE JAN 1      0                         0      0        4
..................................................................


WIND (MPH)
  HIGHEST WIND SPEED    26   HIGHEST WIND DIRECTION     N (20)
  HIGHEST GUST SPEED    30   HIGHEST GUST DIRECTION     N (20)
  AVERAGE WIND SPEED     8.9


SKY COVER
  POSSIBLE SUNSHINE  MM
  AVERAGE SKY COVER 0.5


WEATHER CONDITIONS
 THE FOLLOWING WEATHER WAS RECORDED TODAY.
  NO SIGNIFICANT WEATHER WAS OBSERVED.


RELATIVE HUMIDITY (PERCENT)
 HIGHEST    86           200 AM
 LOWEST     40           100 PM
 AVERAGE    63

..........................................................


THE HARTFORD CT CLIMATE NORMALS FOR TOMORROW
                         NORMAL    RECORD    YEAR
 MAXIMUM TEMPERATURE (F)   60        88      1941
 MINIMUM TEMPERATURE (F)   38        24      1957


SUNRISE AND SUNSET
APRIL 14 2018.........SUNRISE   612 AM EDT   SUNSET   731 PM EDT
APRIL 15 2018.........SUNRISE   610 AM EDT   SUNSET   732 PM EDT


-  INDICATES NEGATIVE NUMBERS.
R  INDICATES RECORD WAS SET OR TIED.
MM INDICATES DATA IS MISSING.
T  INDICATES TRACE AMOUNT.




$$
