000
CDUS41 KBOX 240554
CLIBDL


CLIMATE REPORT
NATIONAL WEATHER SERVICE BOSTON/NORTON MA
143 AM EDT TUE APR 24 2018


...................................

...THE HARTFORD CT CLIMATE SUMMARY FOR APRIL 23 2018...

CLIMATE NORMAL PERIOD 1981 TO 2010
CLIMATE RECORD PERIOD 1904 TO 2018


WEATHER ITEM   OBSERVED TIME   RECORD YEAR NORMAL DEPARTURE LAST
                VALUE   (LST)  VALUE       VALUE  FROM      YEAR
                                                  NORMAL
..................................................................
TEMPERATURE (F)
 YESTERDAY
  MAXIMUM         68    435 PM  88    2007  64      4       69
  MINIMUM         30    515 AM  26    1989  41    -11       39
  AVERAGE         49                        52     -3       54

PRECIPITATION (IN)
  YESTERDAY        0.00          1.90 2006   0.12  -0.12     0.00
  MONTH TO DATE    3.97                      2.84   1.13     2.88
  SINCE MAR 1      6.62                      6.46   0.16     6.81
  SINCE JAN 1     15.61                     12.58   3.03    12.79

SNOWFALL (IN)
  YESTERDAY        0.0           1.0  1956   0.0    0.0      0.0
  MONTH TO DATE    7.6                       1.3    6.3      0.5
  SINCE MAR 1     24.2                       7.7   16.5     19.6
  SINCE JUL 1     56.0                      40.4   15.6     62.3
  SNOW DEPTH       0

DEGREE DAYS
 HEATING
  YESTERDAY       16                        13      3       11
  MONTH TO DATE  537                       392    145      319
  SINCE MAR 1   1389                      1235    154     1296
  SINCE JUL 1   5585                      5673    -88     5189

 COOLING
  YESTERDAY        0                         0      0        0
  MONTH TO DATE    0                         0      0        9
  SINCE MAR 1      0                         0      0        9
  SINCE JAN 1      0                         0      0        9
..................................................................


WIND (MPH)
  RESULTANT WIND SPEED   3   RESULTANT WIND DIRECTION   S (170)
  HIGHEST WIND SPEED    20   HIGHEST WIND DIRECTION     S (180)
  HIGHEST GUST SPEED    25   HIGHEST GUST DIRECTION     S (190)
  AVERAGE WIND SPEED     6.5


SKY COVER
  POSSIBLE SUNSHINE  MM
  AVERAGE SKY COVER 0.1


WEATHER CONDITIONS
 THE FOLLOWING WEATHER WAS RECORDED YESTERDAY.
  NO SIGNIFICANT WEATHER WAS OBSERVED.


RELATIVE HUMIDITY (PERCENT)
 HIGHEST    78           400 AM
 LOWEST     11           300 PM
 AVERAGE    45

..........................................................


THE HARTFORD CT CLIMATE NORMALS FOR TODAY
                         NORMAL    RECORD    YEAR
 MAXIMUM TEMPERATURE (F)   64        88      2001
 MINIMUM TEMPERATURE (F)   41        27      1930


SUNRISE AND SUNSET
APRIL 24 2018.........SUNRISE   557 AM EDT   SUNSET   742 PM EDT
APRIL 25 2018.........SUNRISE   555 AM EDT   SUNSET   743 PM EDT


-  INDICATES NEGATIVE NUMBERS.
R  INDICATES RECORD WAS SET OR TIED.
MM INDICATES DATA IS MISSING.
T  INDICATES TRACE AMOUNT.




$$
