044
CDUS41 KBOX 212200
CLIBDL


CLIMATE REPORT
NATIONAL WEATHER SERVICE BOSTON/NORTON MA
550 PM EDT MON MAY 21 2018


...................................

...THE HARTFORD CT CLIMATE SUMMARY FOR MAY 21 2018...
VALID TODAY AS OF 0500 PM LOCAL TIME.

CLIMATE NORMAL PERIOD 1981 TO 2010
CLIMATE RECORD PERIOD 1904 TO 2018


WEATHER ITEM   OBSERVED TIME   RECORD YEAR NORMAL DEPARTURE LAST
                VALUE   (LST)  VALUE       VALUE  FROM      YEAR
                                                  NORMAL
..................................................................
TEMPERATURE (F)
 TODAY
  MAXIMUM         79    344 PM  93    1996  73      6       72
  MINIMUM         50    419 AM  34    2002  49      1       42
  AVERAGE         65                        61      4       57

PRECIPITATION (IN)
  TODAY            0.00          2.35 1919   0.15  -0.15     0.00
  MONTH TO DATE    2.06                      2.74  -0.68     3.06
  SINCE MAR 1     10.26                     10.08   0.18    10.76
  SINCE JAN 1     19.25                     16.20   3.05    16.74

SNOWFALL (IN)
  TODAY            0.0           T    1989   0.0    0.0      0.0
  MONTH TO DATE    0.0                       0.0    0.0      0.0
  SINCE MAR 1     24.2                       7.8   16.4     19.6
  SINCE JUL 1     56.0                      40.5   15.5     62.3
  SNOW DEPTH       0

DEGREE DAYS
 HEATING
  TODAY            0                         5     -5        8
  MONTH TO DATE   80                       161    -81      182
  SINCE MAR 1   1555                      1476     79     1524
  SINCE JUL 1   5751                      5914   -163     5417

 COOLING
  TODAY            0                         1     -1        0
  MONTH TO DATE   43                        14     29       37
  SINCE MAR 1     43                        20     23       60
  SINCE JAN 1     43                        20     23       60
..................................................................


WIND (MPH)
  HIGHEST WIND SPEED    10   HIGHEST WIND DIRECTION     S (170)
  HIGHEST GUST SPEED    16   HIGHEST GUST DIRECTION     N (20)
  AVERAGE WIND SPEED     6.2


SKY COVER
  POSSIBLE SUNSHINE  MM
  AVERAGE SKY COVER 0.3


WEATHER CONDITIONS
 THE FOLLOWING WEATHER WAS RECORDED TODAY.
  NO SIGNIFICANT WEATHER WAS OBSERVED.


RELATIVE HUMIDITY (PERCENT)
 HIGHEST    93           300 AM
 LOWEST     30           300 PM
 AVERAGE    62

..........................................................


THE HARTFORD CT CLIMATE NORMALS FOR TOMORROW
                         NORMAL    RECORD    YEAR
 MAXIMUM TEMPERATURE (F)   73        95      1992
 MINIMUM TEMPERATURE (F)   49        35      2002


SUNRISE AND SUNSET
MAY 21 2018...........SUNRISE   525 AM EDT   SUNSET   810 PM EDT
MAY 22 2018...........SUNRISE   524 AM EDT   SUNSET   811 PM EDT


-  INDICATES NEGATIVE NUMBERS.
R  INDICATES RECORD WAS SET OR TIED.
MM INDICATES DATA IS MISSING.
T  INDICATES TRACE AMOUNT.




$$
