000
CDUS41 KBOX 170533
CLIBDL


CLIMATE REPORT
NATIONAL WEATHER SERVICE BOSTON/NORTON MA
133 AM EDT TUE APR 17 2018


...................................

...THE HARTFORD CT CLIMATE SUMMARY FOR APRIL 16 2018...

CLIMATE NORMAL PERIOD 1981 TO 2010
CLIMATE RECORD PERIOD 1904 TO 2018


WEATHER ITEM   OBSERVED TIME   RECORD YEAR NORMAL DEPARTURE LAST
                VALUE   (LST)  VALUE       VALUE  FROM      YEAR
                                                  NORMAL
..................................................................
TEMPERATURE (F)
 YESTERDAY
  MAXIMUM         44    546 PM  92    2012  61    -17       88
  MINIMUM         31    205 AM  21    1943  39     -8       51
  AVERAGE         38                        50    -12       70

PRECIPITATION (IN)
  YESTERDAY        2.15          2.76 1996   0.12   2.03     0.06
  MONTH TO DATE    3.81                      2.02   1.79     2.34
  SINCE MAR 1      6.46                      5.64   0.82     6.27
  SINCE JAN 1     15.45                     11.76   3.69    12.25

SNOWFALL (IN)
  YESTERDAY        0.6           2.6  1992   0.0    0.6      0.0
  MONTH TO DATE    7.6                       1.1    6.5      0.5
  SINCE MAR 1     24.2                       7.5   16.7     19.6
  SINCE JUL 1     56.0                      40.2   15.8     62.3
  SNOW DEPTH       1

DEGREE DAYS
 HEATING
  YESTERDAY       27                        15     12        0
  MONTH TO DATE  395                       294    101      235
  SINCE MAR 1   1247                      1137    110     1212
  SINCE JUL 1   5443                      5575   -132     5105

 COOLING
  YESTERDAY        0                         0      0        5
  MONTH TO DATE    0                         0      0        9
  SINCE MAR 1      0                         0      0        9
  SINCE JAN 1      0                         0      0        9
..................................................................


WIND (MPH)
  RESULTANT WIND SPEED   9   RESULTANT WIND DIRECTION   N (10)
  HIGHEST WIND SPEED    22   HIGHEST WIND DIRECTION     N (20)
  HIGHEST GUST SPEED    25   HIGHEST GUST DIRECTION     N (20)
  AVERAGE WIND SPEED    10.1


SKY COVER
  POSSIBLE SUNSHINE  MM
  AVERAGE SKY COVER 1.0


WEATHER CONDITIONS
 THE FOLLOWING WEATHER WAS RECORDED YESTERDAY.
  THUNDERSTORM
  HEAVY RAIN
  RAIN
  LIGHT RAIN
  LT FREEZING RAIN
  SLEET
  FOG


RELATIVE HUMIDITY (PERCENT)
 HIGHEST   100           600 AM
 LOWEST     92           100 AM
 AVERAGE    96

..........................................................


THE HARTFORD CT CLIMATE NORMALS FOR TODAY
                         NORMAL    RECORD    YEAR
 MAXIMUM TEMPERATURE (F)   61        95      2002
 MINIMUM TEMPERATURE (F)   39        25      1908


SUNRISE AND SUNSET
APRIL 17 2018.........SUNRISE   607 AM EDT   SUNSET   734 PM EDT
APRIL 18 2018.........SUNRISE   606 AM EDT   SUNSET   735 PM EDT


-  INDICATES NEGATIVE NUMBERS.
R  INDICATES RECORD WAS SET OR TIED.
MM INDICATES DATA IS MISSING.
T  INDICATES TRACE AMOUNT.




$$
