000
CDUS41 KBOX 180618
CLIBDL


CLIMATE REPORT
NATIONAL WEATHER SERVICE BOSTON/NORTON MA
207 AM EDT FRI MAY 18 2018


...................................

...THE HARTFORD CT CLIMATE SUMMARY FOR MAY 17 2018...

CLIMATE NORMAL PERIOD 1981 TO 2010
CLIMATE RECORD PERIOD 1904 TO 2018


WEATHER ITEM   OBSERVED TIME   RECORD YEAR NORMAL DEPARTURE LAST
                VALUE   (LST)  VALUE       VALUE  FROM      YEAR
                                                  NORMAL
..................................................................
TEMPERATURE (F)
 YESTERDAY
  MAXIMUM         75    540 PM  94    2017  72      3       94
  MINIMUM         57    619 AM  33    1956  48      9       55
  AVERAGE         66                        60      6       75

PRECIPITATION (IN)
  YESTERDAY        0.01          1.32 1942   0.14  -0.13     0.00
  MONTH TO DATE    1.59                      2.16  -0.57     3.03
  SINCE MAR 1      9.79                      9.50   0.29    10.73
  SINCE JAN 1     18.78                     15.62   3.16    16.71

SNOWFALL (IN)
  YESTERDAY        0.0           0.0  2002   0.0    0.0      0.0
                                      2001
                                      2000
  MONTH TO DATE    0.0                       0.0    0.0      0.0
  SINCE MAR 1     24.2                       7.8   16.4     19.6
  SINCE JUL 1     56.0                      40.5   15.5     62.3
  SNOW DEPTH       0

DEGREE DAYS
 HEATING
  YESTERDAY        0                         6     -6        0
  MONTH TO DATE   59                       138    -79      171
  SINCE MAR 1   1534                      1453     81     1513
  SINCE JUL 1   5730                      5891   -161     5406

 COOLING
  YESTERDAY        1                         1      0       10
  MONTH TO DATE   40                        10     30       10
  SINCE MAR 1     40                        16     24       33
  SINCE JAN 1     40                        16     24       33
..................................................................


WIND (MPH)
  RESULTANT WIND SPEED   4   RESULTANT WIND DIRECTION   S (180)
  HIGHEST WIND SPEED    13   HIGHEST WIND DIRECTION     S (190)
  HIGHEST GUST SPEED    17   HIGHEST GUST DIRECTION     S (180)
  AVERAGE WIND SPEED     3.0


SKY COVER
  POSSIBLE SUNSHINE  MM
  AVERAGE SKY COVER 0.9


WEATHER CONDITIONS
 THE FOLLOWING WEATHER WAS RECORDED YESTERDAY.
  LIGHT RAIN
  FOG


RELATIVE HUMIDITY (PERCENT)
 HIGHEST   100           700 AM
 LOWEST     57           300 PM
 AVERAGE    79

..........................................................


THE HARTFORD CT CLIMATE NORMALS FOR TODAY
                         NORMAL    RECORD    YEAR
 MAXIMUM TEMPERATURE (F)   72        96      2017
 MINIMUM TEMPERATURE (F)   48        31      1984


SUNRISE AND SUNSET
MAY 18 2018...........SUNRISE   528 AM EDT   SUNSET   807 PM EDT
MAY 19 2018...........SUNRISE   527 AM EDT   SUNSET   808 PM EDT


-  INDICATES NEGATIVE NUMBERS.
R  INDICATES RECORD WAS SET OR TIED.
MM INDICATES DATA IS MISSING.
T  INDICATES TRACE AMOUNT.




$$
