536
CDUS41 KBOX 180527
CLIBDL


CLIMATE REPORT
NATIONAL WEATHER SERVICE BOSTON/NORTON MA
127 AM EDT WED APR 18 2018


...................................

...THE HARTFORD CT CLIMATE SUMMARY FOR APRIL 17 2018...

CLIMATE NORMAL PERIOD 1981 TO 2010
CLIMATE RECORD PERIOD 1904 TO 2018


WEATHER ITEM   OBSERVED TIME   RECORD YEAR NORMAL DEPARTURE LAST
                VALUE   (LST)  VALUE       VALUE  FROM      YEAR
                                                  NORMAL
..................................................................
TEMPERATURE (F)
 YESTERDAY
  MAXIMUM         50   1124 AM  95    2002  61    -11       73
  MINIMUM         34   1159 PM  25    1908  39     -5       50
  AVERAGE         42                        50     -8       62

PRECIPITATION (IN)
  YESTERDAY        0.02          1.74 1954   0.12  -0.10     0.00
  MONTH TO DATE    3.83                      2.14   1.69     2.34
  SINCE MAR 1      6.48                      5.76   0.72     6.27
  SINCE JAN 1     15.47                     11.88   3.59    12.25

SNOWFALL (IN)
  YESTERDAY        0.0           0.7  1935   0.1   -0.1      0.0
  MONTH TO DATE    7.6                       1.2    6.4      0.5
  SINCE MAR 1     24.2                       7.6   16.6     19.6
  SINCE JUL 1     56.0                      40.3   15.7     62.3
  SNOW DEPTH       0

DEGREE DAYS
 HEATING
  YESTERDAY       23                        15      8        3
  MONTH TO DATE  418                       309    109      238
  SINCE MAR 1   1270                      1152    118     1215
  SINCE JUL 1   5466                      5590   -124     5108

 COOLING
  YESTERDAY        0                         0      0        0
  MONTH TO DATE    0                         0      0        9
  SINCE MAR 1      0                         0      0        9
  SINCE JAN 1      0                         0      0        9
..................................................................


WIND (MPH)
  RESULTANT WIND SPEED   9   RESULTANT WIND DIRECTION   W (280)
  HIGHEST WIND SPEED    23   HIGHEST WIND DIRECTION    NW (300)
  HIGHEST GUST SPEED    37   HIGHEST GUST DIRECTION     W (290)
  AVERAGE WIND SPEED     9.9


SKY COVER
  POSSIBLE SUNSHINE  MM
  AVERAGE SKY COVER 0.8


WEATHER CONDITIONS
 THE FOLLOWING WEATHER WAS RECORDED YESTERDAY.
  LIGHT RAIN


RELATIVE HUMIDITY (PERCENT)
 HIGHEST    82           100 AM
 LOWEST     49           300 PM
 AVERAGE    66

..........................................................


THE HARTFORD CT CLIMATE NORMALS FOR TODAY
                         NORMAL    RECORD    YEAR
 MAXIMUM TEMPERATURE (F)   62        95      1976
 MINIMUM TEMPERATURE (F)   39        24      1962


SUNRISE AND SUNSET
APRIL 18 2018.........SUNRISE   606 AM EDT   SUNSET   735 PM EDT
APRIL 19 2018.........SUNRISE   604 AM EDT   SUNSET   736 PM EDT


-  INDICATES NEGATIVE NUMBERS.
R  INDICATES RECORD WAS SET OR TIED.
MM INDICATES DATA IS MISSING.
T  INDICATES TRACE AMOUNT.




$$
