000
CDUS41 KBOX 132152
CLIBDL


CLIMATE REPORT
NATIONAL WEATHER SERVICE BOSTON/NORTON MA
542 PM EDT SUN MAY 13 2018


...................................

...THE HARTFORD CT CLIMATE SUMMARY FOR MAY 13 2018...
VALID TODAY AS OF 0500 PM LOCAL TIME.

CLIMATE NORMAL PERIOD 1981 TO 2010
CLIMATE RECORD PERIOD 1904 TO 2018


WEATHER ITEM   OBSERVED TIME   RECORD YEAR NORMAL DEPARTURE LAST
                VALUE   (LST)  VALUE       VALUE  FROM      YEAR
                                                  NORMAL
..................................................................
TEMPERATURE (F)
 TODAY
  MAXIMUM         58    356 PM  87    1947  70    -12       54
  MINIMUM         45    546 AM  32    2010  47     -2       44
                                      2005
                                      1962
  AVERAGE         52                        59     -7       49

PRECIPITATION (IN)
  TODAY            0.00          1.77 1921   0.13  -0.13     0.80
  MONTH TO DATE    0.28                      1.62  -1.34     2.61
  SINCE MAR 1      8.48                      8.96  -0.48    10.31
  SINCE JAN 1     17.47                     15.08   2.39    16.29

SNOWFALL (IN)
  TODAY            0.0           0.0  2001   0.0    0.0      0.0
                                      2000
  MONTH TO DATE    0.0                       0.0    0.0      0.0
  SINCE MAR 1     24.2                       7.8   16.4     19.6
  SINCE JUL 1     56.0                      40.5   15.5     62.3
  SNOW DEPTH       0

DEGREE DAYS
 HEATING
  TODAY           13                         7      6       16
  MONTH TO DATE   53                       112    -59      150
  SINCE MAR 1   1528                      1427    101     1492
  SINCE JUL 1   5724                      5865   -141     5385

 COOLING
  TODAY            0                         1     -1        0
  MONTH TO DATE   33                         6     27        0
  SINCE MAR 1     33                        12     21       23
  SINCE JAN 1     33                        12     21       23
..................................................................


WIND (MPH)
  HIGHEST WIND SPEED    10   HIGHEST WIND DIRECTION     N (360)
  HIGHEST GUST SPEED    13   HIGHEST GUST DIRECTION     N (360)
  AVERAGE WIND SPEED     5.3


SKY COVER
  POSSIBLE SUNSHINE  MM
  AVERAGE SKY COVER 1.0


WEATHER CONDITIONS
 THE FOLLOWING WEATHER WAS RECORDED TODAY.
  FOG


RELATIVE HUMIDITY (PERCENT)
 HIGHEST   100          1200 AM
 LOWEST     72           100 PM
 AVERAGE    86

..........................................................


THE HARTFORD CT CLIMATE NORMALS FOR TOMORROW
                         NORMAL    RECORD    YEAR
 MAXIMUM TEMPERATURE (F)   71        88      1907
 MINIMUM TEMPERATURE (F)   47        32      1987


SUNRISE AND SUNSET
MAY 13 2018...........SUNRISE   533 AM EDT   SUNSET   802 PM EDT
MAY 14 2018...........SUNRISE   532 AM EDT   SUNSET   803 PM EDT


-  INDICATES NEGATIVE NUMBERS.
R  INDICATES RECORD WAS SET OR TIED.
MM INDICATES DATA IS MISSING.
T  INDICATES TRACE AMOUNT.




$$
