000
CDUS41 KBOX 170605
CLIBDL


CLIMATE REPORT
NATIONAL WEATHER SERVICE BOSTON/NORTON MA
155 AM EDT THU MAY 17 2018


...................................

...THE HARTFORD CT CLIMATE SUMMARY FOR MAY 16 2018...

CLIMATE NORMAL PERIOD 1981 TO 2010
CLIMATE RECORD PERIOD 1904 TO 2018


WEATHER ITEM   OBSERVED TIME   RECORD YEAR NORMAL DEPARTURE LAST
                VALUE   (LST)  VALUE       VALUE  FROM      YEAR
                                                  NORMAL
..................................................................
TEMPERATURE (F)
 YESTERDAY
  MAXIMUM         68    124 PM  91    1965  71     -3       81
  MINIMUM         53    353 AM  35    1947  48      5       48
  AVERAGE         61                        59      2       65

PRECIPITATION (IN)
  YESTERDAY        0.04          1.34 1912   0.14  -0.10     0.00
  MONTH TO DATE    1.58                      2.02  -0.44     3.03
  SINCE MAR 1      9.78                      9.36   0.42    10.73
  SINCE JAN 1     18.77                     15.48   3.29    16.71

SNOWFALL (IN)
  YESTERDAY        0.0           0.0  2001   0.0    0.0      0.0
                                      2000
  MONTH TO DATE    0.0                       0.0    0.0      0.0
  SINCE MAR 1     24.2                       7.8   16.4     19.6
  SINCE JUL 1     56.0                      40.5   15.5     62.3
  SNOW DEPTH       0

DEGREE DAYS
 HEATING
  YESTERDAY        4                         6     -2        0
  MONTH TO DATE   59                       132    -73      171
  SINCE MAR 1   1534                      1447     87     1513
  SINCE JUL 1   5730                      5885   -155     5406

 COOLING
  YESTERDAY        0                         1     -1        0
  MONTH TO DATE   39                         9     30        0
  SINCE MAR 1     39                        15     24       23
  SINCE JAN 1     39                        15     24       23
..................................................................


WIND (MPH)
  RESULTANT WIND SPEED   2   RESULTANT WIND DIRECTION   E (100)
  HIGHEST WIND SPEED    12   HIGHEST WIND DIRECTION    SE (150)
  HIGHEST GUST SPEED    14   HIGHEST GUST DIRECTION    SE (150)
  AVERAGE WIND SPEED     5.9


SKY COVER
  POSSIBLE SUNSHINE  MM
  AVERAGE SKY COVER 1.0


WEATHER CONDITIONS
 THE FOLLOWING WEATHER WAS RECORDED YESTERDAY.
  LIGHT RAIN
  FOG


RELATIVE HUMIDITY (PERCENT)
 HIGHEST   100          1200 AM
 LOWEST     59          1100 AM
 AVERAGE    80

..........................................................


THE HARTFORD CT CLIMATE NORMALS FOR TODAY
                         NORMAL    RECORD    YEAR
 MAXIMUM TEMPERATURE (F)   72        94      2017
 MINIMUM TEMPERATURE (F)   48        33      1956


SUNRISE AND SUNSET
MAY 17 2018...........SUNRISE   529 AM EDT   SUNSET   806 PM EDT
MAY 18 2018...........SUNRISE   528 AM EDT   SUNSET   807 PM EDT


-  INDICATES NEGATIVE NUMBERS.
R  INDICATES RECORD WAS SET OR TIED.
MM INDICATES DATA IS MISSING.
T  INDICATES TRACE AMOUNT.




$$
