000
CDUS41 KBOX 130559
CLIBDL


CLIMATE REPORT
NATIONAL WEATHER SERVICE BOSTON/NORTON MA
147 AM EDT WED JUN 13 2018


...................................

...THE HARTFORD CT CLIMATE SUMMARY FOR JUNE 12 2018...

CLIMATE NORMAL PERIOD 1981 TO 2010
CLIMATE RECORD PERIOD 1904 TO 2018


WEATHER ITEM   OBSERVED TIME   RECORD YEAR NORMAL DEPARTURE LAST
                VALUE   (LST)  VALUE       VALUE  FROM      YEAR
                                                  NORMAL
..................................................................
TEMPERATURE (F)
 YESTERDAY
  MAXIMUM         80    245 PM  97    1973  79      1       96
  MINIMUM         49    414 AM  40    1980  56     -7       64
                                      1972
  AVERAGE         65                        68     -3       80

PRECIPITATION (IN)
  YESTERDAY        0.00          2.31 1905   0.16  -0.16     0.00
  MONTH TO DATE    0.56                      2.02  -1.46     1.19
  SINCE JUN 1      0.56                      2.02  -1.46     1.19
  SINCE JAN 1     20.23                     19.83   0.40    19.46

SNOWFALL (IN)
  YESTERDAY        0.0           0.0  2002   0.0    0.0      0.0
                                      2001
                                      2000
  MONTH TO DATE    0.0                       0.0    0.0      0.0
  SINCE JUN 1      0.0                       0.0    0.0      0.0
  SINCE JUL 1     56.0                      40.5   15.5     62.3
  SNOW DEPTH       0

DEGREE DAYS
 HEATING
  YESTERDAY        0                         2     -2        0
  MONTH TO DATE   26                        29     -3       43
  SINCE JUN 1     26                        29     -3       43
  SINCE JUL 1   5793                      5987   -194     5514

 COOLING
  YESTERDAY        0                         4     -4       15
  MONTH TO DATE   30                        39     -9       36
  SINCE JUN 1     30                        39     -9       36
  SINCE JAN 1    115                        78     37       96
..................................................................


WIND (MPH)
  RESULTANT WIND SPEED  11   RESULTANT WIND DIRECTION   S (200)
  HIGHEST WIND SPEED    22   HIGHEST WIND DIRECTION     S (200)
  HIGHEST GUST SPEED    30   HIGHEST GUST DIRECTION     S (200)
  AVERAGE WIND SPEED    11.5


SKY COVER
  POSSIBLE SUNSHINE  MM
  AVERAGE SKY COVER 0.5


WEATHER CONDITIONS
 THE FOLLOWING WEATHER WAS RECORDED YESTERDAY.
  NO SIGNIFICANT WEATHER WAS OBSERVED.


RELATIVE HUMIDITY (PERCENT)
 HIGHEST    93           400 AM
 LOWEST     35          1000 AM
 AVERAGE    64

..........................................................


THE HARTFORD CT CLIMATE NORMALS FOR TODAY
                         NORMAL    RECORD    YEAR
 MAXIMUM TEMPERATURE (F)   79        96      1984
 MINIMUM TEMPERATURE (F)   57        43      1980
                                             1974


SUNRISE AND SUNSET
JUNE 13 2018..........SUNRISE   515 AM EDT   SUNSET   827 PM EDT
JUNE 14 2018..........SUNRISE   515 AM EDT   SUNSET   827 PM EDT


-  INDICATES NEGATIVE NUMBERS.
R  INDICATES RECORD WAS SET OR TIED.
MM INDICATES DATA IS MISSING.
T  INDICATES TRACE AMOUNT.




$$
