000
CDUS41 KBOX 080546
CLIBDL


CLIMATE REPORT
NATIONAL WEATHER SERVICE BOSTON/NORTON MA
135 AM EDT SUN APR 8 2018


...................................

...THE HARTFORD CT CLIMATE SUMMARY FOR APRIL 7 2018...

CLIMATE NORMAL PERIOD 1981 TO 2010
CLIMATE RECORD PERIOD 1904 TO 2018


WEATHER ITEM   OBSERVED TIME   RECORD YEAR NORMAL DEPARTURE LAST
                VALUE   (LST)  VALUE       VALUE  FROM      YEAR
                                                  NORMAL
..................................................................
TEMPERATURE (F)
 YESTERDAY
  MAXIMUM         46    201 PM  93    2010  57    -11       52
  MINIMUM         30   1159 PM  14    1982  36     -6       39
  AVERAGE         38                        46     -8       46

PRECIPITATION (IN)
  YESTERDAY        0.04          1.70 1924   0.12  -0.08     0.01
  MONTH TO DATE    1.14                      0.87   0.27     2.18
  SINCE MAR 1      3.79                      4.49  -0.70     6.11
  SINCE JAN 1     12.78                     10.61   2.17    12.09

SNOWFALL (IN)
  YESTERDAY        T             2.6  1938   0.1   -0.1      0.0
  MONTH TO DATE    6.2                       0.6    5.6      0.5
  SINCE MAR 1     22.8                       7.0   15.8     19.6
  SINCE JUL 1     54.6                      39.7   14.9     62.3
  SNOW DEPTH       0

DEGREE DAYS
 HEATING
  YESTERDAY       27                        19      8       19
  MONTH TO DATE  190                       141     49      148
  SINCE MAR 1   1042                       984     58     1125
  SINCE JUL 1   5238                      5422   -184     5018

 COOLING
  YESTERDAY        0                         0      0        0
  MONTH TO DATE    0                         0      0        0
  SINCE MAR 1      0                         0      0        0
  SINCE JAN 1      0                         0      0        0
..................................................................


WIND (MPH)
  RESULTANT WIND SPEED  10   RESULTANT WIND DIRECTION  NW (330)
  HIGHEST WIND SPEED    22   HIGHEST WIND DIRECTION     W (290)
  HIGHEST GUST SPEED    27   HIGHEST GUST DIRECTION    NW (330)
  AVERAGE WIND SPEED    10.4


SKY COVER
  POSSIBLE SUNSHINE  MM
  AVERAGE SKY COVER 0.7


WEATHER CONDITIONS
 THE FOLLOWING WEATHER WAS RECORDED YESTERDAY.
  LIGHT RAIN
  LIGHT SNOW
  FOG


RELATIVE HUMIDITY (PERCENT)
 HIGHEST    92           200 AM
 LOWEST     28           300 PM
 AVERAGE    60

..........................................................


THE HARTFORD CT CLIMATE NORMALS FOR TODAY
                         NORMAL    RECORD    YEAR
 MAXIMUM TEMPERATURE (F)   57        89      1991
 MINIMUM TEMPERATURE (F)   36        20      1982


SUNRISE AND SUNSET
APRIL  8 2018.........SUNRISE   622 AM EDT   SUNSET   724 PM EDT
APRIL  9 2018.........SUNRISE   620 AM EDT   SUNSET   725 PM EDT


-  INDICATES NEGATIVE NUMBERS.
R  INDICATES RECORD WAS SET OR TIED.
MM INDICATES DATA IS MISSING.
T  INDICATES TRACE AMOUNT.




$$
