000
CDUS41 KBOX 142151
CLIBDL


CLIMATE REPORT
NATIONAL WEATHER SERVICE BOSTON/NORTON MA
541 PM EDT MON MAY 14 2018


...................................

...THE HARTFORD CT CLIMATE SUMMARY FOR MAY 14 2018...
VALID TODAY AS OF 0500 PM LOCAL TIME.

CLIMATE NORMAL PERIOD 1981 TO 2010
CLIMATE RECORD PERIOD 1904 TO 2018


WEATHER ITEM   OBSERVED TIME   RECORD YEAR NORMAL DEPARTURE LAST
                VALUE   (LST)  VALUE       VALUE  FROM      YEAR
                                                  NORMAL
..................................................................
TEMPERATURE (F)
 TODAY
  MAXIMUM         75    359 PM  88    1907  71      4       61
  MINIMUM         50    441 AM  32    1987  47      3       39
  AVERAGE         63                        59      4       50

PRECIPITATION (IN)
  TODAY            0.00          0.85 1931   0.12  -0.12     0.39
  MONTH TO DATE    0.28                      1.74  -1.46     3.00
  SINCE MAR 1      8.48                      9.08  -0.60    10.70
  SINCE JAN 1     17.47                     15.20   2.27    16.68

SNOWFALL (IN)
  TODAY            0.0           0.0  2001   0.0    0.0      0.0
                                      2000
  MONTH TO DATE    0.0                       0.0    0.0      0.0
  SINCE MAR 1     24.2                       7.8   16.4     19.6
  SINCE JUL 1     56.0                      40.5   15.5     62.3
  SNOW DEPTH       0

DEGREE DAYS
 HEATING
  TODAY            2                         7     -5       15
  MONTH TO DATE   55                       119    -64      165
  SINCE MAR 1   1530                      1434     96     1507
  SINCE JUL 1   5726                      5872   -146     5400

 COOLING
  TODAY            0                         1     -1        0
  MONTH TO DATE   33                         7     26        0
  SINCE MAR 1     33                        13     20       23
  SINCE JAN 1     33                        13     20       23
..................................................................


WIND (MPH)
  HIGHEST WIND SPEED    16   HIGHEST WIND DIRECTION    SE (140)
  HIGHEST GUST SPEED    21   HIGHEST GUST DIRECTION     S (160)
  AVERAGE WIND SPEED     7.6


SKY COVER
  POSSIBLE SUNSHINE  MM
  AVERAGE SKY COVER 0.8


WEATHER CONDITIONS
 THE FOLLOWING WEATHER WAS RECORDED TODAY.
  NO SIGNIFICANT WEATHER WAS OBSERVED.


RELATIVE HUMIDITY (PERCENT)
 HIGHEST    93           200 AM
 LOWEST     50           400 PM
 AVERAGE    72

..........................................................


THE HARTFORD CT CLIMATE NORMALS FOR TOMORROW
                         NORMAL    RECORD    YEAR
 MAXIMUM TEMPERATURE (F)   71        89      2004
 MINIMUM TEMPERATURE (F)   47        32      2013


SUNRISE AND SUNSET
MAY 14 2018...........SUNRISE   532 AM EDT   SUNSET   803 PM EDT
MAY 15 2018...........SUNRISE   530 AM EDT   SUNSET   804 PM EDT


-  INDICATES NEGATIVE NUMBERS.
R  INDICATES RECORD WAS SET OR TIED.
MM INDICATES DATA IS MISSING.
T  INDICATES TRACE AMOUNT.




$$
