000
CDUS41 KBOX 230602
CLIBDL


CLIMATE REPORT
NATIONAL WEATHER SERVICE BOSTON/NORTON MA
150 AM EDT MON APR 23 2018


...................................

...THE HARTFORD CT CLIMATE SUMMARY FOR APRIL 22 2018...

CLIMATE NORMAL PERIOD 1981 TO 2010
CLIMATE RECORD PERIOD 1904 TO 2018


WEATHER ITEM   OBSERVED TIME   RECORD YEAR NORMAL DEPARTURE LAST
                VALUE   (LST)  VALUE       VALUE  FROM      YEAR
                                                  NORMAL
..................................................................
TEMPERATURE (F)
 YESTERDAY
  MAXIMUM         65    258 PM  90    1977  63      2       56
                                      1973
  MINIMUM         34    523 AM  28    2011  41     -7       44
                                      1984
                                      1947
  AVERAGE         50                        52     -2       50

PRECIPITATION (IN)
  YESTERDAY        0.00          2.98 1969   0.12  -0.12     0.01
  MONTH TO DATE    3.97                      2.72   1.25     2.88
  SINCE MAR 1      6.62                      6.34   0.28     6.81
  SINCE JAN 1     15.61                     12.46   3.15    12.79

SNOWFALL (IN)
  YESTERDAY        0.0           0.2  1940   0.0    0.0      0.0
  MONTH TO DATE    7.6                       1.3    6.3      0.5
  SINCE MAR 1     24.2                       7.7   16.5     19.6
  SINCE JUL 1     56.0                      40.4   15.6     62.3
  SNOW DEPTH       0

DEGREE DAYS
 HEATING
  YESTERDAY       15                        13      2       15
  MONTH TO DATE  521                       379    142      308
  SINCE MAR 1   1373                      1222    151     1285
  SINCE JUL 1   5569                      5660    -91     5178

 COOLING
  YESTERDAY        0                         0      0        0
  MONTH TO DATE    0                         0      0        9
  SINCE MAR 1      0                         0      0        9
  SINCE JAN 1      0                         0      0        9
..................................................................


WIND (MPH)
  RESULTANT WIND SPEED   4   RESULTANT WIND DIRECTION   N (350)
  HIGHEST WIND SPEED    18   HIGHEST WIND DIRECTION     N (10)
  HIGHEST GUST SPEED    27   HIGHEST GUST DIRECTION     N (20)
  AVERAGE WIND SPEED     5.6


SKY COVER
  POSSIBLE SUNSHINE  MM
  AVERAGE SKY COVER 0.0


WEATHER CONDITIONS
 THE FOLLOWING WEATHER WAS RECORDED YESTERDAY.
  NO SIGNIFICANT WEATHER WAS OBSERVED.


RELATIVE HUMIDITY (PERCENT)
 HIGHEST    59           600 AM
 LOWEST     12           300 PM
 AVERAGE    36

..........................................................


THE HARTFORD CT CLIMATE NORMALS FOR TODAY
                         NORMAL    RECORD    YEAR
 MAXIMUM TEMPERATURE (F)   64        88      2007
 MINIMUM TEMPERATURE (F)   41        26      1989


SUNRISE AND SUNSET
APRIL 23 2018.........SUNRISE   558 AM EDT   SUNSET   741 PM EDT
APRIL 24 2018.........SUNRISE   557 AM EDT   SUNSET   742 PM EDT


-  INDICATES NEGATIVE NUMBERS.
R  INDICATES RECORD WAS SET OR TIED.
MM INDICATES DATA IS MISSING.
T  INDICATES TRACE AMOUNT.




$$
