000
CDUS41 KOKX 172036
CLIBDR


CLIMATE REPORT
NATIONAL WEATHER SERVICE NEW YORK NY
436 PM EDT THU MAY 17 2018


...................................

...THE BRIDGEPORT CT CLIMATE SUMMARY FOR MAY 17 2018...
VALID TODAY AS OF 0400 PM LOCAL TIME.

CLIMATE NORMAL PERIOD 1981 TO 2010
CLIMATE RECORD PERIOD 1948 TO 2018


WEATHER ITEM   OBSERVED TIME   RECORD YEAR NORMAL DEPARTURE LAST
                VALUE   (LST)  VALUE       VALUE  FROM      YEAR
                                                  NORMAL
..................................................................
TEMPERATURE (F)
 TODAY
  MAXIMUM         62    259 PM  85    1974  68     -6       83
  MINIMUM         53   1204 AM  37    1983  51      2       55
                                      1956
  AVERAGE         58                        59     -1       69

PRECIPITATION (IN)
  TODAY            0.15          1.26 2011   0.12   0.03     0.00
  MONTH TO DATE    1.88                      1.95  -0.07     2.72
  SINCE MAR 1     10.68                     10.13   0.55    11.88
  SINCE JAN 1     19.61                     16.02   3.59    17.07

SNOWFALL (IN)
  TODAY            0.0           0.0  2002   0.0    0.0      0.0
                                      2001
  MONTH TO DATE    0.0                       0.0    0.0      0.0
  SINCE OCT 1     45.9                      27.6   18.3     40.9
  SINCE JUL 1     45.9                      27.6   18.3     40.9
  SNOW DEPTH       0

DEGREE DAYS
 HEATING
  TODAY            7                         6      1        0
  MONTH TO DATE   81                       143    -62      145
  SINCE MAR 1   1435                      1411     24     1324
  SINCE JUL 1   5034                      5298   -264     4491

 COOLING
  TODAY            0                         1     -1        4
  MONTH TO DATE   14                         3     11        7
  SINCE MAR 1     14                         5      9       15
  SINCE JAN 1     14                         5      9       15
..................................................................


WIND (MPH)
  HIGHEST WIND SPEED    12   HIGHEST WIND DIRECTION     E (70)
  HIGHEST GUST SPEED    13   HIGHEST GUST DIRECTION     E (70)
  AVERAGE WIND SPEED     4.9


SKY COVER
  AVERAGE SKY COVER 0.8


WEATHER CONDITIONS
 THE FOLLOWING WEATHER WAS RECORDED TODAY.
  LIGHT RAIN
  FOG


RELATIVE HUMIDITY (PERCENT)
 HIGHEST   100           900 AM
 LOWEST     84           200 PM
 AVERAGE    92

..........................................................


THE BRIDGEPORT CT CLIMATE NORMALS FOR TOMORROW
                         NORMAL    RECORD    YEAR
 MAXIMUM TEMPERATURE (F)   68        93      2017
 MINIMUM TEMPERATURE (F)   51        41      1984
                                             1983


SUNRISE AND SUNSET
MAY 17 2018...........SUNRISE   532 AM EDT   SUNSET   806 PM EDT
MAY 18 2018...........SUNRISE   532 AM EDT   SUNSET   807 PM EDT


-  INDICATES NEGATIVE NUMBERS.
R  INDICATES RECORD WAS SET OR TIED.
MM INDICATES DATA IS MISSING.
T  INDICATES TRACE AMOUNT.




$$
