000
CDUS41 KOKX 070617
CLIBDR


CLIMATE REPORT
NATIONAL WEATHER SERVICE NEW YORK NY
217 AM EDT SAT APR 7 2018


...................................

...THE BRIDGEPORT CT CLIMATE SUMMARY FOR APRIL 6 2018...

CLIMATE NORMAL PERIOD 1981 TO 2010
CLIMATE RECORD PERIOD 1948 TO 2018


WEATHER ITEM   OBSERVED TIME   RECORD YEAR NORMAL DEPARTURE LAST
                VALUE   (LST)  VALUE       VALUE  FROM      YEAR
                                                  NORMAL
..................................................................
TEMPERATURE (F)
 YESTERDAY
  MAXIMUM         52    428 PM  70    1991  54     -2       55
  MINIMUM         30    253 AM  19    1982  38     -8       41
  AVERAGE         41                        46     -5       48

PRECIPITATION (IN)
  YESTERDAY        0.09          2.00 1958   0.13  -0.04     1.20
  MONTH TO DATE    1.10                      0.84   0.26     3.03
  SINCE MAR 1      5.08                      4.89   0.19     7.37
  SINCE JAN 1     14.01                     10.78   3.23    12.56

SNOWFALL (IN)
  YESTERDAY        T             6.0  1982   0.0    0.0      0.0
  MONTH TO DATE    6.0                       0.3    5.7      0.0
  SINCE OCT 1     45.9                      27.0   18.9     40.9
  SINCE JUL 1     45.9                      27.0   18.9     40.9
  SNOW DEPTH       0

DEGREE DAYS
 HEATING
  YESTERDAY       24                        19      5       17
  MONTH TO DATE  141                       119     22      102
  SINCE MAR 1    928                       916     12      950
  SINCE JUL 1   4527                      4803   -276     4117

 COOLING
  YESTERDAY        0                         0      0        0
  MONTH TO DATE    0                         0      0        0
  SINCE MAR 1      0                         0      0        0
  SINCE JAN 1      0                         0      0        0
..................................................................


WIND (MPH)
  HIGHEST WIND SPEED    20   HIGHEST WIND DIRECTION     S (200)
  HIGHEST GUST SPEED    24   HIGHEST GUST DIRECTION     S (200)
  AVERAGE WIND SPEED     7.3


SKY COVER
  AVERAGE SKY COVER 0.7


WEATHER CONDITIONS
 THE FOLLOWING WEATHER WAS RECORDED YESTERDAY.
  LIGHT RAIN
  LIGHT SNOW
  FOG


RELATIVE HUMIDITY (PERCENT)
 HIGHEST    92          1100 AM
 LOWEST     47          1200 AM
 AVERAGE    70

..........................................................


THE BRIDGEPORT CT CLIMATE NORMALS FOR TODAY
                         NORMAL    RECORD    YEAR
 MAXIMUM TEMPERATURE (F)   55        81      2010
 MINIMUM TEMPERATURE (F)   38        18      1982


SUNRISE AND SUNSET
APRIL  7 2018.........SUNRISE   626 AM EDT   SUNSET   724 PM EDT
APRIL  8 2018.........SUNRISE   624 AM EDT   SUNSET   725 PM EDT


-  INDICATES NEGATIVE NUMBERS.
R  INDICATES RECORD WAS SET OR TIED.
MM INDICATES DATA IS MISSING.
T  INDICATES TRACE AMOUNT.




$$
