000
CDUS41 KOKX 080618
CLIBDR


CLIMATE REPORT
NATIONAL WEATHER SERVICE NEW YORK NY
218 AM EDT TUE MAY 8 2018


...................................

...THE BRIDGEPORT CT CLIMATE SUMMARY FOR MAY 7 2018...

CLIMATE NORMAL PERIOD 1981 TO 2010
CLIMATE RECORD PERIOD 1948 TO 2018


WEATHER ITEM   OBSERVED TIME   RECORD YEAR NORMAL DEPARTURE LAST
                VALUE   (LST)  VALUE       VALUE  FROM      YEAR
                                                  NORMAL
..................................................................
TEMPERATURE (F)
 YESTERDAY
  MAXIMUM         69    932 AM  87    2000  65      4       59
  MINIMUM         52   1159 PM  35    1967  48      4       47
  AVERAGE         61                        56      5       53

PRECIPITATION (IN)
  YESTERDAY        0.00          1.35 1967   0.12  -0.12      T
  MONTH TO DATE    0.31                      0.82  -0.51     1.43
  SINCE MAR 1      9.11                      9.00   0.11    10.59
  SINCE JAN 1     18.04                     14.89   3.15    15.78

SNOWFALL (IN)
  YESTERDAY        0.0           0.0  2002   0.0    0.0      0.0
                                      2001
  MONTH TO DATE    0.0                       0.0    0.0      0.0
  SINCE OCT 1     45.9                      27.6   18.3     40.9
  SINCE JUL 1     45.9                      27.6   18.3     40.9
  SNOW DEPTH       0

DEGREE DAYS
 HEATING
  YESTERDAY        4                         9     -5       12
  MONTH TO DATE   19                        69    -50       56
  SINCE MAR 1   1373                      1337     36     1235
  SINCE JUL 1   4972                      5224   -252     4402

 COOLING
  YESTERDAY        0                         0      0        0
  MONTH TO DATE   11                         0     11        3
  SINCE MAR 1     11                         2      9       11
  SINCE JAN 1     11                         2      9       11
..................................................................


WIND (MPH)
  HIGHEST WIND SPEED    12   HIGHEST WIND DIRECTION    SE (140)
  HIGHEST GUST SPEED    16   HIGHEST GUST DIRECTION    SE (140)
  AVERAGE WIND SPEED     5.1


SKY COVER
  AVERAGE SKY COVER 0.4


WEATHER CONDITIONS
 THE FOLLOWING WEATHER WAS RECORDED YESTERDAY.
  NO SIGNIFICANT WEATHER WAS OBSERVED.


RELATIVE HUMIDITY (PERCENT)
 HIGHEST    93          1200 AM
 LOWEST     52           900 AM
 AVERAGE    73

..........................................................


THE BRIDGEPORT CT CLIMATE NORMALS FOR TODAY
                         NORMAL    RECORD    YEAR
 MAXIMUM TEMPERATURE (F)   65        87      2000
 MINIMUM TEMPERATURE (F)   48        37      1956


SUNRISE AND SUNSET
MAY  8 2018...........SUNRISE   542 AM EDT   SUNSET   757 PM EDT
MAY  9 2018...........SUNRISE   541 AM EDT   SUNSET   758 PM EDT


-  INDICATES NEGATIVE NUMBERS.
R  INDICATES RECORD WAS SET OR TIED.
MM INDICATES DATA IS MISSING.
T  INDICATES TRACE AMOUNT.




$$
