000
CDUS41 KOKX 130619
CLIBDR


CLIMATE REPORT
NATIONAL WEATHER SERVICE NEW YORK NY
219 AM EDT FRI APR 13 2018


...................................

...THE BRIDGEPORT CT CLIMATE SUMMARY FOR APRIL 12 2018...

CLIMATE NORMAL PERIOD 1981 TO 2010
CLIMATE RECORD PERIOD 1948 TO 2018


WEATHER ITEM   OBSERVED TIME   RECORD YEAR NORMAL DEPARTURE LAST
                VALUE   (LST)  VALUE       VALUE  FROM      YEAR
                                                  NORMAL
..................................................................
TEMPERATURE (F)
 YESTERDAY
  MAXIMUM         52    825 PM  86    1977  57     -5       70
  MINIMUM         36    422 AM  25    1976  40     -4       49
  AVERAGE         44                        48     -4       60

PRECIPITATION (IN)
  YESTERDAY        T             1.27 1997   0.15  -0.15     0.08
  MONTH TO DATE    1.15                      1.72  -0.57     3.11
  SINCE MAR 1      5.13                      5.77  -0.64     7.45
  SINCE JAN 1     14.06                     11.66   2.40    12.64

SNOWFALL (IN)
  YESTERDAY        0.0           0.3  1959   0.0    0.0      0.0
  MONTH TO DATE    6.0                       0.6    5.4      0.0
  SINCE OCT 1     45.9                      27.3   18.6     40.9
  SINCE JUL 1     45.9                      27.3   18.6     40.9
  SNOW DEPTH       0

DEGREE DAYS
 HEATING
  YESTERDAY       21                        17      4        5
  MONTH TO DATE  291                       226     65      175
  SINCE MAR 1   1078                      1023     55     1023
  SINCE JUL 1   4677                      4910   -233     4190

 COOLING
  YESTERDAY        0                         0      0        0
  MONTH TO DATE    0                         0      0        0
  SINCE MAR 1      0                         0      0        0
  SINCE JAN 1      0                         0      0        0
..................................................................


WIND (MPH)
  HIGHEST WIND SPEED    22   HIGHEST WIND DIRECTION     S (200)
  HIGHEST GUST SPEED    31   HIGHEST GUST DIRECTION     S (200)
  AVERAGE WIND SPEED     6.2


SKY COVER
  AVERAGE SKY COVER 0.4


WEATHER CONDITIONS
 THE FOLLOWING WEATHER WAS RECORDED YESTERDAY.
  LIGHT RAIN


RELATIVE HUMIDITY (PERCENT)
 HIGHEST    85           200 AM
 LOWEST     48          1200 PM
 AVERAGE    67

..........................................................


THE BRIDGEPORT CT CLIMATE NORMALS FOR TODAY
                         NORMAL    RECORD    YEAR
 MAXIMUM TEMPERATURE (F)   57        74      1968
 MINIMUM TEMPERATURE (F)   40        28      1967


SUNRISE AND SUNSET
APRIL 13 2018.........SUNRISE   616 AM EDT   SUNSET   730 PM EDT
APRIL 14 2018.........SUNRISE   615 AM EDT   SUNSET   731 PM EDT


-  INDICATES NEGATIVE NUMBERS.
R  INDICATES RECORD WAS SET OR TIED.
MM INDICATES DATA IS MISSING.
T  INDICATES TRACE AMOUNT.




$$
