000
CDUS41 KOKX 230617
CLIBDR


CLIMATE REPORT
NATIONAL WEATHER SERVICE NEW YORK NY
216 AM EDT MON APR 23 2018


...................................

...THE BRIDGEPORT CT CLIMATE SUMMARY FOR APRIL 22 2018...

CLIMATE NORMAL PERIOD 1981 TO 2010
CLIMATE RECORD PERIOD 1948 TO 2018


WEATHER ITEM   OBSERVED TIME   RECORD YEAR NORMAL DEPARTURE LAST
                VALUE   (LST)  VALUE       VALUE  FROM      YEAR
                                                  NORMAL
..................................................................
TEMPERATURE (F)
 YESTERDAY
  MAXIMUM         61    513 PM  82    1960  60      1       54
  MINIMUM         40    423 AM  29    1975  43     -3       50
  AVERAGE         51                        52     -1       52

PRECIPITATION (IN)
  YESTERDAY        0.00          1.72 2012   0.13  -0.13     0.03
  MONTH TO DATE    4.09                      3.09   1.00     3.84
  SINCE MAR 1      8.07                      7.14   0.93     8.18
  SINCE JAN 1     17.00                     13.03   3.97    13.37

SNOWFALL (IN)
  YESTERDAY        0.0           0.0  2002   0.0    0.0      0.0
                                      2001
                                      1972
  MONTH TO DATE    6.0                       0.9    5.1      0.0
  SINCE OCT 1     45.9                      27.6   18.3     40.9
  SINCE JUL 1     45.9                      27.6   18.3     40.9
  SNOW DEPTH       0

DEGREE DAYS
 HEATING
  YESTERDAY       14                        14      0       13
  MONTH TO DATE  464                       375     89      276
  SINCE MAR 1   1251                      1172     79     1124
  SINCE JUL 1   4850                      5059   -209     4291

 COOLING
  YESTERDAY        0                         0      0        0
  MONTH TO DATE    0                         0      0        0
  SINCE MAR 1      0                         0      0        0
  SINCE JAN 1      0                         0      0        0
..................................................................


WIND (MPH)
  HIGHEST WIND SPEED    18   HIGHEST WIND DIRECTION     S (200)
  HIGHEST GUST SPEED    23   HIGHEST GUST DIRECTION    SW (220)
  AVERAGE WIND SPEED     8.6


SKY COVER
  AVERAGE SKY COVER 0.0


WEATHER CONDITIONS
 THE FOLLOWING WEATHER WAS RECORDED YESTERDAY.
  NO SIGNIFICANT WEATHER WAS OBSERVED.


RELATIVE HUMIDITY (PERCENT)
 HIGHEST    65          1000 PM
 LOWEST     16          1100 AM
 AVERAGE    41

..........................................................


THE BRIDGEPORT CT CLIMATE NORMALS FOR TODAY
                         NORMAL    RECORD    YEAR
 MAXIMUM TEMPERATURE (F)   60        79      1952
 MINIMUM TEMPERATURE (F)   43        30      1982


SUNRISE AND SUNSET
APRIL 23 2018.........SUNRISE   601 AM EDT   SUNSET   741 PM EDT
APRIL 24 2018.........SUNRISE   600 AM EDT   SUNSET   742 PM EDT


-  INDICATES NEGATIVE NUMBERS.
R  INDICATES RECORD WAS SET OR TIED.
MM INDICATES DATA IS MISSING.
T  INDICATES TRACE AMOUNT.




$$
