000
CDUS41 KOKX 052033
CLIBDR


CLIMATE REPORT
NATIONAL WEATHER SERVICE NEW YORK NY
433 PM EDT SAT MAY 5 2018


...................................

...THE BRIDGEPORT CT CLIMATE SUMMARY FOR MAY 5 2018...
VALID TODAY AS OF 0400 PM LOCAL TIME.

CLIMATE NORMAL PERIOD 1981 TO 2010
CLIMATE RECORD PERIOD 1948 TO 2018


WEATHER ITEM   OBSERVED TIME   RECORD YEAR NORMAL DEPARTURE LAST
                VALUE   (LST)  VALUE       VALUE  FROM      YEAR
                                                  NORMAL
..................................................................
TEMPERATURE (F)
 TODAY
  MAXIMUM         76   1214 AM  86    1955  64     12       57
  MINIMUM         62    746 AM  35    1974  47     15       50
  AVERAGE         69                        56     13       54

PRECIPITATION (IN)
  TODAY            0.00          1.23 2017   0.12  -0.12     1.23
  MONTH TO DATE    0.19                      0.58  -0.39     1.23
  SINCE MAR 1      8.99                      8.76   0.23    10.39
  SINCE JAN 1     17.92                     14.65   3.27    15.58

SNOWFALL (IN)
  TODAY            0.0           0.0  2002   0.0    0.0      0.0
                                      2001
  MONTH TO DATE    0.0                       0.0    0.0      0.0
  SINCE OCT 1     45.9                      27.6   18.3     40.9
  SINCE JUL 1     45.9                      27.6   18.3     40.9
  SNOW DEPTH       0

DEGREE DAYS
 HEATING
  TODAY            0                        10    -10       11
  MONTH TO DATE    7                        51    -44       40
  SINCE MAR 1   1361                      1319     42     1219
  SINCE JUL 1   4960                      5206   -246     4386

 COOLING
  TODAY            4                         0      4        0
  MONTH TO DATE   13                         0     13        3
  SINCE MAR 1     13                         2     11       11
  SINCE JAN 1     13                         2     11       11
..................................................................


WIND (MPH)
  HIGHEST WIND SPEED    26   HIGHEST WIND DIRECTION    NW (300)
  HIGHEST GUST SPEED    36   HIGHEST GUST DIRECTION     W (290)
  AVERAGE WIND SPEED    13.0


SKY COVER
  AVERAGE SKY COVER 0.1


WEATHER CONDITIONS
 THE FOLLOWING WEATHER WAS RECORDED TODAY.
  NO SIGNIFICANT WEATHER WAS OBSERVED.


RELATIVE HUMIDITY (PERCENT)
 HIGHEST    48           100 PM
 LOWEST     33           300 PM
 AVERAGE    41

..........................................................


THE BRIDGEPORT CT CLIMATE NORMALS FOR TOMORROW
                         NORMAL    RECORD    YEAR
 MAXIMUM TEMPERATURE (F)   65        85      1986
 MINIMUM TEMPERATURE (F)   47        38      1996
                                             1992
                                             1970


SUNRISE AND SUNSET
MAY  5 2018...........SUNRISE   545 AM EDT   SUNSET   754 PM EDT
MAY  6 2018...........SUNRISE   544 AM EDT   SUNSET   755 PM EDT


-  INDICATES NEGATIVE NUMBERS.
R  INDICATES RECORD WAS SET OR TIED.
MM INDICATES DATA IS MISSING.
T  INDICATES TRACE AMOUNT.




$$
