000
CDUS41 KOKX 302038
CLIBDR


CLIMATE REPORT
NATIONAL WEATHER SERVICE NEW YORK NY
437 PM EDT MON APR 30 2018


...................................

...THE BRIDGEPORT CT CLIMATE SUMMARY FOR APRIL 30 2018...
VALID TODAY AS OF 0400 PM LOCAL TIME.

CLIMATE NORMAL PERIOD 1981 TO 2010
CLIMATE RECORD PERIOD 1948 TO 2018


WEATHER ITEM   OBSERVED TIME   RECORD YEAR NORMAL DEPARTURE LAST
                VALUE   (LST)  VALUE       VALUE  FROM      YEAR
                                                  NORMAL
..................................................................
TEMPERATURE (F)
 TODAY
  MAXIMUM         53   1228 PM  79    2007  63    -10       67
  MINIMUM         44    442 AM  38    2008  46     -2       50
                                      1992
  AVERAGE         49                        54     -5       59

PRECIPITATION (IN)
  TODAY            T             2.50 2014   0.12  -0.12     0.00
  MONTH TO DATE    4.82                      4.13   0.69     4.82
  SINCE MAR 1      8.80                      8.18   0.62     9.16
  SINCE JAN 1     17.73                     14.07   3.66    14.35

SNOWFALL (IN)
  TODAY            0.0           0.0  2002   0.0    0.0      0.0
                                      2001
  MONTH TO DATE    6.0                       0.9    5.1      0.0
  SINCE OCT 1     45.9                      27.6   18.3     40.9
  SINCE JUL 1     45.9                      27.6   18.3     40.9
  SNOW DEPTH       0

DEGREE DAYS
 HEATING
  TODAY           16                        11      5        6
  MONTH TO DATE  567                       472     95      331
  SINCE MAR 1   1354                      1268     86     1179
  SINCE JUL 1   4953                      5155   -202     4346

 COOLING
  TODAY            0                         0      0        0
  MONTH TO DATE    0                         2     -2        8
  SINCE MAR 1      0                         2     -2        8
  SINCE JAN 1      0                         2     -2        8
..................................................................


WIND (MPH)
  HIGHEST WIND SPEED    17   HIGHEST WIND DIRECTION    NW (310)
  HIGHEST GUST SPEED    25   HIGHEST GUST DIRECTION     W (280)
  AVERAGE WIND SPEED    10.6


SKY COVER
  AVERAGE SKY COVER 0.7


WEATHER CONDITIONS
 THE FOLLOWING WEATHER WAS RECORDED TODAY.
  LIGHT RAIN


RELATIVE HUMIDITY (PERCENT)
 HIGHEST    71          1100 AM
 LOWEST     50           900 AM
 AVERAGE    61

..........................................................


THE BRIDGEPORT CT CLIMATE NORMALS FOR TOMORROW
                         NORMAL    RECORD    YEAR
 MAXIMUM TEMPERATURE (F)   63        83      1957
 MINIMUM TEMPERATURE (F)   46        36      2008


SUNRISE AND SUNSET
APRIL 30 2018.........SUNRISE   552 AM EDT   SUNSET   749 PM EDT
MAY  1 2018...........SUNRISE   550 AM EDT   SUNSET   750 PM EDT


-  INDICATES NEGATIVE NUMBERS.
R  INDICATES RECORD WAS SET OR TIED.
MM INDICATES DATA IS MISSING.
T  INDICATES TRACE AMOUNT.




$$
