000
CDUS41 KOKX 280622
CLIBDR


CLIMATE REPORT
NATIONAL WEATHER SERVICE NEW YORK NY
221 AM EDT WED MAR 28 2018


...................................

...THE BRIDGEPORT CT CLIMATE SUMMARY FOR MARCH 27 2018...

CLIMATE NORMAL PERIOD 1981 TO 2010
CLIMATE RECORD PERIOD 1948 TO 2018


WEATHER ITEM   OBSERVED TIME   RECORD YEAR NORMAL DEPARTURE LAST
                VALUE   (LST)  VALUE       VALUE  FROM      YEAR
                                                  NORMAL
..................................................................
TEMPERATURE (F)
 YESTERDAY
  MAXIMUM         45    312 PM  74    2007  51     -6       48
  MINIMUM         28    425 AM  20    2001  35     -7       38
                                      1966
  AVERAGE         37                        43     -6       43

PRECIPITATION (IN)
  YESTERDAY        T             2.00 1978   0.14  -0.14     0.46
  MONTH TO DATE    3.91                      3.51   0.40     2.48
  SINCE MAR 1      3.91                      3.51   0.40     2.48
  SINCE JAN 1     12.84                      9.40   3.44     7.67

SNOWFALL (IN)
  YESTERDAY        0.0           0.0  2002   0.1   -0.1      0.0
                                      2001
  MONTH TO DATE   14.5                       4.8    9.7     11.1
  SINCE OCT 1     39.9                      26.4   13.5     40.9
  SINCE JUL 1     39.9                      26.4   13.5     40.9
  SNOW DEPTH       0

DEGREE DAYS
 HEATING
  YESTERDAY       28                        22      6       22
  MONTH TO DATE  715                       711      4      763
  SINCE MAR 1    715                       711      4      763
  SINCE JUL 1   4314                      4598   -284     3930

 COOLING
  YESTERDAY        0                         0      0        0
  MONTH TO DATE    0                         0      0        0
  SINCE MAR 1      0                         0      0        0
  SINCE JAN 1      0                         0      0        0
..................................................................


WIND (MPH)
  HIGHEST WIND SPEED    12   HIGHEST WIND DIRECTION    NE (60)
  HIGHEST GUST SPEED    14   HIGHEST GUST DIRECTION    NE (50)
  AVERAGE WIND SPEED     5.8


SKY COVER
  AVERAGE SKY COVER 0.2


WEATHER CONDITIONS
 THE FOLLOWING WEATHER WAS RECORDED YESTERDAY.
  NO SIGNIFICANT WEATHER WAS OBSERVED.


RELATIVE HUMIDITY (PERCENT)
 HIGHEST    75          1200 AM
 LOWEST     33           200 PM
 AVERAGE    54

..........................................................


THE BRIDGEPORT CT CLIMATE NORMALS FOR TODAY
                         NORMAL    RECORD    YEAR
 MAXIMUM TEMPERATURE (F)   51        76      1991
 MINIMUM TEMPERATURE (F)   35        17      1966


SUNRISE AND SUNSET
MARCH 28 2018.........SUNRISE   643 AM EDT   SUNSET   713 PM EDT
MARCH 29 2018.........SUNRISE   641 AM EDT   SUNSET   714 PM EDT


-  INDICATES NEGATIVE NUMBERS.
R  INDICATES RECORD WAS SET OR TIED.
MM INDICATES DATA IS MISSING.
T  INDICATES TRACE AMOUNT.




$$
