093
CDUS41 KOKX 170618
CLIBDR


CLIMATE REPORT
NATIONAL WEATHER SERVICE NEW YORK NY
218 AM EDT TUE APR 17 2018


...................................

...THE BRIDGEPORT CT CLIMATE SUMMARY FOR APRIL 16 2018...

CLIMATE NORMAL PERIOD 1981 TO 2010
CLIMATE RECORD PERIOD 1948 TO 2018


WEATHER ITEM   OBSERVED TIME   RECORD YEAR NORMAL DEPARTURE LAST
                VALUE   (LST)  VALUE       VALUE  FROM      YEAR
                                                  NORMAL
..................................................................
TEMPERATURE (F)
 YESTERDAY
  MAXIMUM         58    109 PM  85    2002  58      0       78
  MINIMUM         37   1258 AM  29    1981  41     -4       50
  AVERAGE         48                        50     -2       64

PRECIPITATION (IN)
  YESTERDAY        2.19          5.28 1996   0.14   2.05      T
  MONTH TO DATE    3.80                      2.29   1.51     3.11
  SINCE MAR 1      7.78                      6.34   1.44     7.45
  SINCE JAN 1     16.71                     12.23   4.48    12.64

SNOWFALL (IN)
  YESTERDAY        0.0           0.1  2014   0.0    0.0      0.0
  MONTH TO DATE    6.0                       0.7    5.3      0.0
  SINCE OCT 1     45.9                      27.4   18.5     40.9
  SINCE JUL 1     45.9                      27.4   18.5     40.9
  SNOW DEPTH       0

DEGREE DAYS
 HEATING
  YESTERDAY       17                        15      2        1
  MONTH TO DATE  349                       289     60      211
  SINCE MAR 1   1136                      1086     50     1059
  SINCE JUL 1   4735                      4973   -238     4226

 COOLING
  YESTERDAY        0                         0      0        0
  MONTH TO DATE    0                         0      0        0
  SINCE MAR 1      0                         0      0        0
  SINCE JAN 1      0                         0      0        0
..................................................................


WIND (MPH)
  HIGHEST WIND SPEED    31   HIGHEST WIND DIRECTION    NE (60)
  HIGHEST GUST SPEED    40   HIGHEST GUST DIRECTION    SE (130)
  AVERAGE WIND SPEED    16.9


SKY COVER
  AVERAGE SKY COVER 0.9


WEATHER CONDITIONS
 THE FOLLOWING WEATHER WAS RECORDED YESTERDAY.
  THUNDERSTORM
  HEAVY RAIN
  RAIN
  LIGHT RAIN
  FOG


RELATIVE HUMIDITY (PERCENT)
 HIGHEST    93          1200 PM
 LOWEST     71           500 PM
 AVERAGE    82

..........................................................


THE BRIDGEPORT CT CLIMATE NORMALS FOR TODAY
                         NORMAL    RECORD    YEAR
 MAXIMUM TEMPERATURE (F)   58        89      2002
 MINIMUM TEMPERATURE (F)   42        30      1962


SUNRISE AND SUNSET
APRIL 17 2018.........SUNRISE   610 AM EDT   SUNSET   735 PM EDT
APRIL 18 2018.........SUNRISE   609 AM EDT   SUNSET   736 PM EDT


-  INDICATES NEGATIVE NUMBERS.
R  INDICATES RECORD WAS SET OR TIED.
MM INDICATES DATA IS MISSING.
T  INDICATES TRACE AMOUNT.




$$
