000
CDUS41 KOKX 160619
CLIBDR


CLIMATE REPORT
NATIONAL WEATHER SERVICE NEW YORK NY
217 AM EDT MON APR 16 2018


...................................

...THE BRIDGEPORT CT CLIMATE SUMMARY FOR APRIL 15 2018...

CLIMATE NORMAL PERIOD 1981 TO 2010
CLIMATE RECORD PERIOD 1948 TO 2018


WEATHER ITEM   OBSERVED TIME   RECORD YEAR NORMAL DEPARTURE LAST
                VALUE   (LST)  VALUE       VALUE  FROM      YEAR
                                                  NORMAL
..................................................................
TEMPERATURE (F)
 YESTERDAY
  MAXIMUM         45   1204 AM  81    1960  58    -13       62
  MINIMUM         37   1159 PM  30    1973  41     -4       41
                                      1957
  AVERAGE         41                        49     -8       52

PRECIPITATION (IN)
  YESTERDAY        0.46          3.02 2007   0.14   0.32      T
  MONTH TO DATE    1.61                      2.15  -0.54     3.11
  SINCE MAR 1      5.59                      6.20  -0.61     7.45
  SINCE JAN 1     14.52                     12.09   2.43    12.64

SNOWFALL (IN)
  YESTERDAY        0.0           T    2014   0.0    0.0      0.0
  MONTH TO DATE    6.0                       0.7    5.3      0.0
  SINCE OCT 1     45.9                      27.4   18.5     40.9
  SINCE JUL 1     45.9                      27.4   18.5     40.9
  SNOW DEPTH       0

DEGREE DAYS
 HEATING
  YESTERDAY       24                        16      8       13
  MONTH TO DATE  332                       274     58      210
  SINCE MAR 1   1119                      1071     48     1058
  SINCE JUL 1   4718                      4958   -240     4225

 COOLING
  YESTERDAY        0                         0      0        0
  MONTH TO DATE    0                         0      0        0
  SINCE MAR 1      0                         0      0        0
  SINCE JAN 1      0                         0      0        0
..................................................................


WIND (MPH)
  HIGHEST WIND SPEED    30   HIGHEST WIND DIRECTION     E (70)
  HIGHEST GUST SPEED    41   HIGHEST GUST DIRECTION    NE (60)
  AVERAGE WIND SPEED    20.2


SKY COVER
  AVERAGE SKY COVER 1.0


WEATHER CONDITIONS
 THE FOLLOWING WEATHER WAS RECORDED YESTERDAY.
  HEAVY RAIN
  RAIN
  LIGHT RAIN
  FOG
  HAZE


RELATIVE HUMIDITY (PERCENT)
 HIGHEST    85           700 PM
 LOWEST     57           500 AM
 AVERAGE    71

..........................................................


THE BRIDGEPORT CT CLIMATE NORMALS FOR TODAY
                         NORMAL    RECORD    YEAR
 MAXIMUM TEMPERATURE (F)   58        85      2002
 MINIMUM TEMPERATURE (F)   41        29      1981


SUNRISE AND SUNSET
APRIL 16 2018.........SUNRISE   612 AM EDT   SUNSET   734 PM EDT
APRIL 17 2018.........SUNRISE   610 AM EDT   SUNSET   735 PM EDT


-  INDICATES NEGATIVE NUMBERS.
R  INDICATES RECORD WAS SET OR TIED.
MM INDICATES DATA IS MISSING.
T  INDICATES TRACE AMOUNT.




$$
