000
CDUS41 KOKX 220630
CLIBDR


CLIMATE REPORT
NATIONAL WEATHER SERVICE NEW YORK NY
230 AM EDT SUN APR 22 2018


...................................

...THE BRIDGEPORT CT CLIMATE SUMMARY FOR APRIL 21 2018...

CLIMATE NORMAL PERIOD 1981 TO 2010
CLIMATE RECORD PERIOD 1948 TO 2018


WEATHER ITEM   OBSERVED TIME   RECORD YEAR NORMAL DEPARTURE LAST
                VALUE   (LST)  VALUE       VALUE  FROM      YEAR
                                                  NORMAL
..................................................................
TEMPERATURE (F)
 YESTERDAY
  MAXIMUM         63    416 PM  85    1957  60      3       52
  MINIMUM         37    546 AM  29    1956  43     -6       49
  AVERAGE         50                        51     -1       51

PRECIPITATION (IN)
  YESTERDAY        0.00          3.34 2000   0.14  -0.14     0.33
  MONTH TO DATE    4.09                      2.96   1.13     3.81
  SINCE MAR 1      8.07                      7.01   1.06     8.15
  SINCE JAN 1     17.00                     12.90   4.10    13.34

SNOWFALL (IN)
  YESTERDAY        0.0           0.0  2001   0.1   -0.1      0.0
  MONTH TO DATE    6.0                       0.9    5.1      0.0
  SINCE OCT 1     45.9                      27.6   18.3     40.9
  SINCE JUL 1     45.9                      27.6   18.3     40.9
  SNOW DEPTH       0

DEGREE DAYS
 HEATING
  YESTERDAY       15                        14      1       14
  MONTH TO DATE  450                       361     89      263
  SINCE MAR 1   1237                      1158     79     1111
  SINCE JUL 1   4836                      5045   -209     4278

 COOLING
  YESTERDAY        0                         0      0        0
  MONTH TO DATE    0                         0      0        0
  SINCE MAR 1      0                         0      0        0
  SINCE JAN 1      0                         0      0        0
..................................................................


WIND (MPH)
  HIGHEST WIND SPEED    18   HIGHEST WIND DIRECTION    NW (300)
  HIGHEST GUST SPEED    25   HIGHEST GUST DIRECTION    NW (300)
  AVERAGE WIND SPEED     9.4


SKY COVER
  AVERAGE SKY COVER 0.0


WEATHER CONDITIONS
 THE FOLLOWING WEATHER WAS RECORDED YESTERDAY.
  NO SIGNIFICANT WEATHER WAS OBSERVED.


RELATIVE HUMIDITY (PERCENT)
 HIGHEST    59           100 AM
 LOWEST     17           400 PM
 AVERAGE    38

..........................................................


THE BRIDGEPORT CT CLIMATE NORMALS FOR TODAY
                         NORMAL    RECORD    YEAR
 MAXIMUM TEMPERATURE (F)   60        82      1960
 MINIMUM TEMPERATURE (F)   43        29      1975


SUNRISE AND SUNSET
APRIL 22 2018.........SUNRISE   603 AM EDT   SUNSET   740 PM EDT
APRIL 23 2018.........SUNRISE   601 AM EDT   SUNSET   741 PM EDT


-  INDICATES NEGATIVE NUMBERS.
R  INDICATES RECORD WAS SET OR TIED.
MM INDICATES DATA IS MISSING.
T  INDICATES TRACE AMOUNT.




$$
