000
CDUS41 KOKX 120627
CLIBDR


CLIMATE REPORT
NATIONAL WEATHER SERVICE NEW YORK NY
226 AM EDT THU APR 12 2018


...................................

...THE BRIDGEPORT CT CLIMATE SUMMARY FOR APRIL 11 2018...

CLIMATE NORMAL PERIOD 1981 TO 2010
CLIMATE RECORD PERIOD 1948 TO 2018


WEATHER ITEM   OBSERVED TIME   RECORD YEAR NORMAL DEPARTURE LAST
                VALUE   (LST)  VALUE       VALUE  FROM      YEAR
                                                  NORMAL
..................................................................
TEMPERATURE (F)
 YESTERDAY
  MAXIMUM         50    459 PM  79    1955  56     -6       70
  MINIMUM         26R   441 AM  27    1960  40    -14       47
  AVERAGE         38                        48    -10       59

PRECIPITATION (IN)
  YESTERDAY        0.00          0.98 1958   0.15  -0.15     0.00
  MONTH TO DATE    1.15                      1.57  -0.42     3.03
  SINCE MAR 1      5.13                      5.62  -0.49     7.37
  SINCE JAN 1     14.06                     11.51   2.55    12.56

SNOWFALL (IN)
  YESTERDAY        0.0           1.0  1958   0.1   -0.1      0.0
  MONTH TO DATE    6.0                       0.6    5.4      0.0
  SINCE OCT 1     45.9                      27.3   18.6     40.9
  SINCE JUL 1     45.9                      27.3   18.6     40.9
  SNOW DEPTH       0

DEGREE DAYS
 HEATING
  YESTERDAY       27                        17     10        6
  MONTH TO DATE  270                       209     61      170
  SINCE MAR 1   1057                      1006     51     1018
  SINCE JUL 1   4656                      4893   -237     4185

 COOLING
  YESTERDAY        0                         0      0        0
  MONTH TO DATE    0                         0      0        0
  SINCE MAR 1      0                         0      0        0
  SINCE JAN 1      0                         0      0        0
..................................................................


WIND (MPH)
  HIGHEST WIND SPEED    16   HIGHEST WIND DIRECTION    SW (210)
  HIGHEST GUST SPEED    21   HIGHEST GUST DIRECTION    SW (220)
  AVERAGE WIND SPEED     5.8


SKY COVER
  AVERAGE SKY COVER 0.2


WEATHER CONDITIONS
 THE FOLLOWING WEATHER WAS RECORDED YESTERDAY.
  NO SIGNIFICANT WEATHER WAS OBSERVED.


RELATIVE HUMIDITY (PERCENT)
 HIGHEST    76           900 PM
 LOWEST     28          1000 AM
 AVERAGE    52

..........................................................


THE BRIDGEPORT CT CLIMATE NORMALS FOR TODAY
                         NORMAL    RECORD    YEAR
 MAXIMUM TEMPERATURE (F)   57        86      1977
 MINIMUM TEMPERATURE (F)   40        25      1976


SUNRISE AND SUNSET
APRIL 12 2018.........SUNRISE   618 AM EDT   SUNSET   729 PM EDT
APRIL 13 2018.........SUNRISE   616 AM EDT   SUNSET   730 PM EDT


-  INDICATES NEGATIVE NUMBERS.
R  INDICATES RECORD WAS SET OR TIED.
MM INDICATES DATA IS MISSING.
T  INDICATES TRACE AMOUNT.




$$
