000
CDUS41 KOKX 022035
CLIBDR


CLIMATE REPORT
NATIONAL WEATHER SERVICE NEW YORK NY
434 PM EDT WED MAY 2 2018


...................................

...THE BRIDGEPORT CT CLIMATE SUMMARY FOR MAY 2 2018...
VALID TODAY AS OF 0400 PM LOCAL TIME.

CLIMATE NORMAL PERIOD 1981 TO 2010
CLIMATE RECORD PERIOD 1948 TO 2018


WEATHER ITEM   OBSERVED TIME   RECORD YEAR NORMAL DEPARTURE LAST
                VALUE   (LST)  VALUE       VALUE  FROM      YEAR
                                                  NORMAL
..................................................................
TEMPERATURE (F)
 TODAY
  MAXIMUM         80    113 PM  85    2001  63     17       77
  MINIMUM         52   1225 AM  37    1964  46      6       58
  AVERAGE         66                        55     11       68

PRECIPITATION (IN)
  TODAY            0.00          1.55 1989   0.11  -0.11      T
  MONTH TO DATE    T                         0.22  -0.22      T
  SINCE MAR 1      8.80                      8.40   0.40     9.16
  SINCE JAN 1     17.73                     14.29   3.44    14.35

SNOWFALL (IN)
  TODAY            0.0           0.0  2002   0.0    0.0      0.0
                                      2001
  MONTH TO DATE    0.0                       0.0    0.0      0.0
  SINCE OCT 1     45.9                      27.6   18.3     40.9
  SINCE JUL 1     45.9                      27.6   18.3     40.9
  SNOW DEPTH       0

DEGREE DAYS
 HEATING
  TODAY            0                        10    -10        0
  MONTH TO DATE    7                        21    -14        8
  SINCE MAR 1   1361                      1289     72     1187
  SINCE JUL 1   4960                      5176   -216     4354

 COOLING
  TODAY            1                         0      1        3
  MONTH TO DATE    1                         0      1        3
  SINCE MAR 1      1                         2     -1       11
  SINCE JAN 1      1                         2     -1       11
..................................................................


WIND (MPH)
  HIGHEST WIND SPEED    18   HIGHEST WIND DIRECTION    SW (220)
  HIGHEST GUST SPEED    23   HIGHEST GUST DIRECTION    SW (220)
  AVERAGE WIND SPEED     9.6


SKY COVER
  AVERAGE SKY COVER 0.0


WEATHER CONDITIONS
 THE FOLLOWING WEATHER WAS RECORDED TODAY.
  HAZE


RELATIVE HUMIDITY (PERCENT)
 HIGHEST    71          1200 AM
 LOWEST     25           200 PM
 AVERAGE    48

..........................................................


THE BRIDGEPORT CT CLIMATE NORMALS FOR TOMORROW
                         NORMAL    RECORD    YEAR
 MAXIMUM TEMPERATURE (F)   64        86      2001
 MINIMUM TEMPERATURE (F)   47        34      1966


SUNRISE AND SUNSET
MAY  2 2018...........SUNRISE   549 AM EDT   SUNSET   751 PM EDT
MAY  3 2018...........SUNRISE   548 AM EDT   SUNSET   752 PM EDT


-  INDICATES NEGATIVE NUMBERS.
R  INDICATES RECORD WAS SET OR TIED.
MM INDICATES DATA IS MISSING.
T  INDICATES TRACE AMOUNT.




$$
