000
CDUS41 KOKX 200623
CLIBDR


CLIMATE REPORT
NATIONAL WEATHER SERVICE NEW YORK NY
222 AM EDT FRI APR 20 2018


...................................

...THE BRIDGEPORT CT CLIMATE SUMMARY FOR APRIL 19 2018...

CLIMATE NORMAL PERIOD 1981 TO 2010
CLIMATE RECORD PERIOD 1948 TO 2018


WEATHER ITEM   OBSERVED TIME   RECORD YEAR NORMAL DEPARTURE LAST
                VALUE   (LST)  VALUE       VALUE  FROM      YEAR
                                                  NORMAL
..................................................................
TEMPERATURE (F)
 YESTERDAY
  MAXIMUM         46    434 PM  82    1976  59    -13       53
  MINIMUM         37   1159 PM  31    2001  42     -5       45
                                      1990
  AVERAGE         42                        51     -9       49

PRECIPITATION (IN)
  YESTERDAY        0.28          1.40 1978   0.13   0.15     0.16
  MONTH TO DATE    4.09                      2.69   1.40     3.27
  SINCE MAR 1      8.07                      6.74   1.33     7.61
  SINCE JAN 1     17.00                     12.63   4.37    12.80

SNOWFALL (IN)
  YESTERDAY        0.0           0.5  1983   0.0    0.0      0.0
  MONTH TO DATE    6.0                       0.8    5.2      0.0
  SINCE OCT 1     45.9                      27.5   18.4     40.9
  SINCE JUL 1     45.9                      27.5   18.4     40.9
  SNOW DEPTH       0

DEGREE DAYS
 HEATING
  YESTERDAY       23                        14      9       16
  MONTH TO DATE  414                       333     81      238
  SINCE MAR 1   1201                      1130     71     1086
  SINCE JUL 1   4800                      5017   -217     4253

 COOLING
  YESTERDAY        0                         0      0        0
  MONTH TO DATE    0                         0      0        0
  SINCE MAR 1      0                         0      0        0
  SINCE JAN 1      0                         0      0        0
..................................................................


WIND (MPH)
  HIGHEST WIND SPEED    22   HIGHEST WIND DIRECTION     N (340)
  HIGHEST GUST SPEED    27   HIGHEST GUST DIRECTION    NW (330)
  AVERAGE WIND SPEED     7.9


SKY COVER
  AVERAGE SKY COVER 0.9


WEATHER CONDITIONS
 THE FOLLOWING WEATHER WAS RECORDED YESTERDAY.
  RAIN
  LIGHT RAIN
  FOG


RELATIVE HUMIDITY (PERCENT)
 HIGHEST    86           500 AM
 LOWEST     54           900 PM
 AVERAGE    70

..........................................................


THE BRIDGEPORT CT CLIMATE NORMALS FOR TODAY
                         NORMAL    RECORD    YEAR
 MAXIMUM TEMPERATURE (F)   59        84      1952
 MINIMUM TEMPERATURE (F)   43        32      1988
                                             1956


SUNRISE AND SUNSET
APRIL 20 2018.........SUNRISE   606 AM EDT   SUNSET   738 PM EDT
APRIL 21 2018.........SUNRISE   604 AM EDT   SUNSET   739 PM EDT


-  INDICATES NEGATIVE NUMBERS.
R  INDICATES RECORD WAS SET OR TIED.
MM INDICATES DATA IS MISSING.
T  INDICATES TRACE AMOUNT.




$$
