174
CDUS41 KOKX 190625
CLIBDR


CLIMATE REPORT
NATIONAL WEATHER SERVICE NEW YORK NY
225 AM EDT SAT MAY 19 2018


...................................

...THE BRIDGEPORT CT CLIMATE SUMMARY FOR MAY 18 2018...

CLIMATE NORMAL PERIOD 1981 TO 2010
CLIMATE RECORD PERIOD 1948 TO 2018


WEATHER ITEM   OBSERVED TIME   RECORD YEAR NORMAL DEPARTURE LAST
                VALUE   (LST)  VALUE       VALUE  FROM      YEAR
                                                  NORMAL
..................................................................
TEMPERATURE (F)
 YESTERDAY
  MAXIMUM         63    953 AM  93    2017  68     -5       93
  MINIMUM         53   1159 PM  41    1984  51      2       66
                                      1983
  AVERAGE         58                        60     -2       80

PRECIPITATION (IN)
  YESTERDAY        0.00          2.35 2011   0.12  -0.12     0.00
  MONTH TO DATE    1.88                      2.07  -0.19     2.72
  SINCE MAR 1     10.68                     10.25   0.43    11.88
  SINCE JAN 1     19.61                     16.14   3.47    17.07

SNOWFALL (IN)
  YESTERDAY        0.0           0.0  2002   0.0    0.0      0.0
                                      2001
  MONTH TO DATE    0.0                       0.0    0.0      0.0
  SINCE OCT 1     45.9                      27.6   18.3     40.9
  SINCE JUL 1     45.9                      27.6   18.3     40.9
  SNOW DEPTH       0

DEGREE DAYS
 HEATING
  YESTERDAY        7                         6      1        0
  MONTH TO DATE   87                       149    -62      145
  SINCE MAR 1   1441                      1417     24     1324
  SINCE JUL 1   5040                      5304   -264     4491

 COOLING
  YESTERDAY        0                         1     -1       15
  MONTH TO DATE   14                         4     10       22
  SINCE MAR 1     14                         6      8       30
  SINCE JAN 1     14                         6      8       30
..................................................................


WIND (MPH)
  HIGHEST WIND SPEED    20   HIGHEST WIND DIRECTION    NE (50)
  HIGHEST GUST SPEED    24   HIGHEST GUST DIRECTION    NE (60)
  AVERAGE WIND SPEED    11.6


SKY COVER
  AVERAGE SKY COVER 0.4


WEATHER CONDITIONS
 THE FOLLOWING WEATHER WAS RECORDED YESTERDAY.
  FOG
  FOG W/VISIBILITY <= 1/4 MILE


RELATIVE HUMIDITY (PERCENT)
 HIGHEST   100           200 AM
 LOWEST     48           800 AM
 AVERAGE    74

..........................................................


THE BRIDGEPORT CT CLIMATE NORMALS FOR TODAY
                         NORMAL    RECORD    YEAR
 MAXIMUM TEMPERATURE (F)   69        89      2017
 MINIMUM TEMPERATURE (F)   52        38      2002


SUNRISE AND SUNSET
MAY 19 2018...........SUNRISE   531 AM EDT   SUNSET   808 PM EDT
MAY 20 2018...........SUNRISE   530 AM EDT   SUNSET   809 PM EDT


-  INDICATES NEGATIVE NUMBERS.
R  INDICATES RECORD WAS SET OR TIED.
MM INDICATES DATA IS MISSING.
T  INDICATES TRACE AMOUNT.




$$
