000
CDUS41 KOKX 200619
CLIBDR


CLIMATE REPORT
NATIONAL WEATHER SERVICE NEW YORK NY
219 AM EDT SUN MAY 20 2018


...................................

...THE BRIDGEPORT CT CLIMATE SUMMARY FOR MAY 19 2018...

CLIMATE NORMAL PERIOD 1981 TO 2010
CLIMATE RECORD PERIOD 1948 TO 2018


WEATHER ITEM   OBSERVED TIME   RECORD YEAR NORMAL DEPARTURE LAST
                VALUE   (LST)  VALUE       VALUE  FROM      YEAR
                                                  NORMAL
..................................................................
TEMPERATURE (F)
 YESTERDAY
  MAXIMUM         54   1159 PM  89    2017  69    -15       89
  MINIMUM         50    757 AM  38    2002  52     -2       66
  AVERAGE         52                        60     -8       78

PRECIPITATION (IN)
  YESTERDAY        0.66          1.59 1966   0.12   0.54     0.00
  MONTH TO DATE    2.54                      2.19   0.35     2.72
  SINCE MAR 1     11.34                     10.37   0.97    11.88
  SINCE JAN 1     20.27                     16.26   4.01    17.07

SNOWFALL (IN)
  YESTERDAY        0.0           0.0  2002   0.0    0.0      0.0
                                      2001
  MONTH TO DATE    0.0                       0.0    0.0      0.0
  SINCE OCT 1     45.9                      27.6   18.3     40.9
  SINCE JUL 1     45.9                      27.6   18.3     40.9
  SNOW DEPTH       0

DEGREE DAYS
 HEATING
  YESTERDAY       13                         6      7        0
  MONTH TO DATE  100                       155    -55      145
  SINCE MAR 1   1454                      1423     31     1324
  SINCE JUL 1   5053                      5310   -257     4491

 COOLING
  YESTERDAY        0                         1     -1       13
  MONTH TO DATE   14                         5      9       35
  SINCE MAR 1     14                         7      7       43
  SINCE JAN 1     14                         7      7       43
..................................................................


WIND (MPH)
  HIGHEST WIND SPEED    23   HIGHEST WIND DIRECTION     E (80)
  HIGHEST GUST SPEED    29   HIGHEST GUST DIRECTION     E (90)
  AVERAGE WIND SPEED    12.7


SKY COVER
  AVERAGE SKY COVER 1.0


WEATHER CONDITIONS
 THE FOLLOWING WEATHER WAS RECORDED YESTERDAY.
  HEAVY RAIN
  RAIN
  LIGHT RAIN
  FOG


RELATIVE HUMIDITY (PERCENT)
 HIGHEST   100          1100 AM
 LOWEST     45           100 AM
 AVERAGE    73

..........................................................


THE BRIDGEPORT CT CLIMATE NORMALS FOR TODAY
                         NORMAL    RECORD    YEAR
 MAXIMUM TEMPERATURE (F)   69        97      1996
 MINIMUM TEMPERATURE (F)   52        39      2002


SUNRISE AND SUNSET
MAY 20 2018...........SUNRISE   530 AM EDT   SUNSET   809 PM EDT
MAY 21 2018...........SUNRISE   529 AM EDT   SUNSET   810 PM EDT


-  INDICATES NEGATIVE NUMBERS.
R  INDICATES RECORD WAS SET OR TIED.
MM INDICATES DATA IS MISSING.
T  INDICATES TRACE AMOUNT.




$$
