000
CDUS41 KOKX 050618
CLIBDR


CLIMATE REPORT
NATIONAL WEATHER SERVICE NEW YORK NY
218 AM EDT THU APR 5 2018


...................................

...THE BRIDGEPORT CT CLIMATE SUMMARY FOR APRIL 4 2018...

CLIMATE NORMAL PERIOD 1981 TO 2010
CLIMATE RECORD PERIOD 1948 TO 2018


WEATHER ITEM   OBSERVED TIME   RECORD YEAR NORMAL DEPARTURE LAST
                VALUE   (LST)  VALUE       VALUE  FROM      YEAR
                                                  NORMAL
..................................................................
TEMPERATURE (F)
 YESTERDAY
  MAXIMUM         56    442 PM  69    2012  54      2       49
  MINIMUM         39   1214 AM  21    1954  37      2       44
  AVERAGE         48                        45      3       47

PRECIPITATION (IN)
  YESTERDAY        0.09          2.61 1987   0.14  -0.05     1.81
  MONTH TO DATE    1.01                      0.57   0.44     1.83
  SINCE MAR 1      4.99                      4.62   0.37     6.17
  SINCE JAN 1     13.92                     10.51   3.41    11.36

SNOWFALL (IN)
  YESTERDAY        0.0           2.4  1957   0.0    0.0      0.0
  MONTH TO DATE    6.0                       0.2    5.8      0.0
  SINCE OCT 1     45.9                      26.9   19.0     40.9
  SINCE JUL 1     45.9                      26.9   19.0     40.9
  SNOW DEPTH       0

DEGREE DAYS
 HEATING
  YESTERDAY       17                        20     -3       18
  MONTH TO DATE   91                        81     10       70
  SINCE MAR 1    878                       878      0      918
  SINCE JUL 1   4477                      4765   -288     4085

 COOLING
  YESTERDAY        0                         0      0        0
  MONTH TO DATE    0                         0      0        0
  SINCE MAR 1      0                         0      0        0
  SINCE JAN 1      0                         0      0        0
..................................................................


WIND (MPH)
  HIGHEST WIND SPEED    31   HIGHEST WIND DIRECTION     W (290)
  HIGHEST GUST SPEED    43   HIGHEST GUST DIRECTION     W (270)
  AVERAGE WIND SPEED    13.4


SKY COVER
  AVERAGE SKY COVER 0.7


WEATHER CONDITIONS
 THE FOLLOWING WEATHER WAS RECORDED YESTERDAY.
  HEAVY RAIN
  RAIN
  LIGHT RAIN
  FOG
  FOG W/VISIBILITY <= 1/4 MILE


RELATIVE HUMIDITY (PERCENT)
 HIGHEST   100           200 AM
 LOWEST     29           800 PM
 AVERAGE    65

..........................................................


THE BRIDGEPORT CT CLIMATE NORMALS FOR TODAY
                         NORMAL    RECORD    YEAR
 MAXIMUM TEMPERATURE (F)   54        70      1988
 MINIMUM TEMPERATURE (F)   38        22      1995


SUNRISE AND SUNSET
APRIL  5 2018.........SUNRISE   629 AM EDT   SUNSET   722 PM EDT
APRIL  6 2018.........SUNRISE   628 AM EDT   SUNSET   723 PM EDT


-  INDICATES NEGATIVE NUMBERS.
R  INDICATES RECORD WAS SET OR TIED.
MM INDICATES DATA IS MISSING.
T  INDICATES TRACE AMOUNT.




$$
