000
CDUS41 KOKX 012039
CLIBDR


CLIMATE REPORT
NATIONAL WEATHER SERVICE NEW YORK NY
438 PM EDT TUE MAY 1 2018


...................................

...THE BRIDGEPORT CT CLIMATE SUMMARY FOR MAY 1 2018...
VALID TODAY AS OF 0400 PM LOCAL TIME.

CLIMATE NORMAL PERIOD 1981 TO 2010
CLIMATE RECORD PERIOD 1948 TO 2018


WEATHER ITEM   OBSERVED TIME   RECORD YEAR NORMAL DEPARTURE LAST
                VALUE   (LST)  VALUE       VALUE  FROM      YEAR
                                                  NORMAL
..................................................................
TEMPERATURE (F)
 TODAY
  MAXIMUM         72    242 PM  83    1957  63      9       65
  MINIMUM         44    101 AM  36    2008  46     -2       48
  AVERAGE         58                        54      4       57

PRECIPITATION (IN)
  TODAY            T             1.49 2014   0.11  -0.11     0.00
  MONTH TO DATE    T                         0.11  -0.11     0.00
  SINCE MAR 1      8.80                      8.29   0.51     9.16
  SINCE JAN 1     17.73                     14.18   3.55    14.35

SNOWFALL (IN)
  TODAY            0.0           0.0  2002   0.0    0.0      0.0
                                      2001
  MONTH TO DATE    0.0                       0.0    0.0      0.0
  SINCE OCT 1     45.9                      27.6   18.3     40.9
  SINCE JUL 1     45.9                      27.6   18.3     40.9
  SNOW DEPTH       0

DEGREE DAYS
 HEATING
  TODAY            7                        11     -4        8
  MONTH TO DATE    7                        11     -4        8
  SINCE MAR 1   1361                      1279     82     1187
  SINCE JUL 1   4960                      5166   -206     4354

 COOLING
  TODAY            0                         0      0        0
  MONTH TO DATE    0                         0      0        0
  SINCE MAR 1      0                         2     -2        8
  SINCE JAN 1      0                         2     -2        8
..................................................................


WIND (MPH)
  HIGHEST WIND SPEED    15   HIGHEST WIND DIRECTION     S (200)
  HIGHEST GUST SPEED    19   HIGHEST GUST DIRECTION     S (200)
  AVERAGE WIND SPEED     8.3


SKY COVER
  AVERAGE SKY COVER 0.4


WEATHER CONDITIONS
 THE FOLLOWING WEATHER WAS RECORDED TODAY.
  NO SIGNIFICANT WEATHER WAS OBSERVED.


RELATIVE HUMIDITY (PERCENT)
 HIGHEST    76           100 AM
 LOWEST     20           300 PM
 AVERAGE    48

..........................................................


THE BRIDGEPORT CT CLIMATE NORMALS FOR TOMORROW
                         NORMAL    RECORD    YEAR
 MAXIMUM TEMPERATURE (F)   63        85      2001
 MINIMUM TEMPERATURE (F)   46        37      1964


SUNRISE AND SUNSET
MAY  1 2018...........SUNRISE   550 AM EDT   SUNSET   750 PM EDT
MAY  2 2018...........SUNRISE   549 AM EDT   SUNSET   751 PM EDT


-  INDICATES NEGATIVE NUMBERS.
R  INDICATES RECORD WAS SET OR TIED.
MM INDICATES DATA IS MISSING.
T  INDICATES TRACE AMOUNT.




$$
