000
CDUS41 KOKX 132035
CLIBDR


CLIMATE REPORT
NATIONAL WEATHER SERVICE NEW YORK NY
435 PM EDT SUN MAY 13 2018


...................................

...THE BRIDGEPORT CT CLIMATE SUMMARY FOR MAY 13 2018...
VALID TODAY AS OF 0400 PM LOCAL TIME.

CLIMATE NORMAL PERIOD 1981 TO 2010
CLIMATE RECORD PERIOD 1948 TO 2018


WEATHER ITEM   OBSERVED TIME   RECORD YEAR NORMAL DEPARTURE LAST
                VALUE   (LST)  VALUE       VALUE  FROM      YEAR
                                                  NORMAL
..................................................................
TEMPERATURE (F)
 TODAY
  MAXIMUM         55    139 PM  88    1956  67    -12       53
  MINIMUM         50    736 AM  38    1967  50      0       47
                                      1963
  AVERAGE         53                        58     -5       50

PRECIPITATION (IN)
  TODAY            0.01          1.43 2002   0.11  -0.10     1.18
  MONTH TO DATE    0.63                      1.49  -0.86     2.61
  SINCE MAR 1      9.43                      9.67  -0.24    11.77
  SINCE JAN 1     18.36                     15.56   2.80    16.96

SNOWFALL (IN)
  TODAY            0.0           0.0  2001   0.0    0.0      0.0
  MONTH TO DATE    0.0                       0.0    0.0      0.0
  SINCE OCT 1     45.9                      27.6   18.3     40.9
  SINCE JUL 1     45.9                      27.6   18.3     40.9
  SNOW DEPTH       0

DEGREE DAYS
 HEATING
  TODAY           12                         7      5       15
  MONTH TO DATE   61                       117    -56      134
  SINCE MAR 1   1415                      1385     30     1313
  SINCE JUL 1   5014                      5272   -258     4480

 COOLING
  TODAY            0                         0      0        0
  MONTH TO DATE   11                         0     11        3
  SINCE MAR 1     11                         2      9       11
  SINCE JAN 1     11                         2      9       11
..................................................................


WIND (MPH)
  HIGHEST WIND SPEED    13   HIGHEST WIND DIRECTION     E (100)
  HIGHEST GUST SPEED    16   HIGHEST GUST DIRECTION    NE (60)
  AVERAGE WIND SPEED     8.0


SKY COVER
  AVERAGE SKY COVER 1.0


WEATHER CONDITIONS
 THE FOLLOWING WEATHER WAS RECORDED TODAY.
  LIGHT RAIN


RELATIVE HUMIDITY (PERCENT)
 HIGHEST    89          1200 AM
 LOWEST     83           300 AM
 AVERAGE    86

..........................................................


THE BRIDGEPORT CT CLIMATE NORMALS FOR TOMORROW
                         NORMAL    RECORD    YEAR
 MAXIMUM TEMPERATURE (F)   67        80      1985
 MINIMUM TEMPERATURE (F)   50        37      1996


SUNRISE AND SUNSET
MAY 13 2018...........SUNRISE   536 AM EDT   SUNSET   802 PM EDT
MAY 14 2018...........SUNRISE   535 AM EDT   SUNSET   803 PM EDT


-  INDICATES NEGATIVE NUMBERS.
R  INDICATES RECORD WAS SET OR TIED.
MM INDICATES DATA IS MISSING.
T  INDICATES TRACE AMOUNT.




$$
