000
CDUS41 KOKX 040629
CLIBDR


CLIMATE REPORT
NATIONAL WEATHER SERVICE NEW YORK NY
229 AM EDT WED APR 4 2018


...................................

...THE BRIDGEPORT CT CLIMATE SUMMARY FOR APRIL 3 2018...

CLIMATE NORMAL PERIOD 1981 TO 2010
CLIMATE RECORD PERIOD 1948 TO 2018


WEATHER ITEM   OBSERVED TIME   RECORD YEAR NORMAL DEPARTURE LAST
                VALUE   (LST)  VALUE       VALUE  FROM      YEAR
                                                  NORMAL
..................................................................
TEMPERATURE (F)
 YESTERDAY
  MAXIMUM         41    909 PM  75    1967  53    -12       59
  MINIMUM         29    544 AM  20    1954  37     -8       38
  AVERAGE         35                        45    -10       49

PRECIPITATION (IN)
  YESTERDAY        0.37          1.57 1990   0.15   0.22     0.01
  MONTH TO DATE    0.92                      0.43   0.49     0.02
  SINCE MAR 1      4.90                      4.48   0.42     4.36
  SINCE JAN 1     13.83                     10.37   3.46     9.55

SNOWFALL (IN)
  YESTERDAY        0.0           0.5  1955   0.1   -0.1      0.0
  MONTH TO DATE    6.0                       0.2    5.8      0.0
  SINCE OCT 1     45.9                      26.9   19.0     40.9
  SINCE JUL 1     45.9                      26.9   19.0     40.9
  SNOW DEPTH       1

DEGREE DAYS
 HEATING
  YESTERDAY       30                        20     10       16
  MONTH TO DATE   74                        61     13       52
  SINCE MAR 1    861                       858      3      900
  SINCE JUL 1   4460                      4745   -285     4067

 COOLING
  YESTERDAY        0                         0      0        0
  MONTH TO DATE    0                         0      0        0
  SINCE MAR 1      0                         0      0        0
  SINCE JAN 1      0                         0      0        0
..................................................................


WIND (MPH)
  HIGHEST WIND SPEED    17   HIGHEST WIND DIRECTION    NE (60)
  HIGHEST GUST SPEED    21   HIGHEST GUST DIRECTION    NE (60)
  AVERAGE WIND SPEED     7.8


SKY COVER
  AVERAGE SKY COVER 0.7


WEATHER CONDITIONS
 THE FOLLOWING WEATHER WAS RECORDED YESTERDAY.
  RAIN
  LIGHT RAIN
  FOG


RELATIVE HUMIDITY (PERCENT)
 HIGHEST   100           200 AM
 LOWEST     79           900 AM
 AVERAGE    90

..........................................................


THE BRIDGEPORT CT CLIMATE NORMALS FOR TODAY
                         NORMAL    RECORD    YEAR
 MAXIMUM TEMPERATURE (F)   54        69      2012
 MINIMUM TEMPERATURE (F)   37        21      1954


SUNRISE AND SUNSET
APRIL  4 2018.........SUNRISE   631 AM EDT   SUNSET   721 PM EDT
APRIL  5 2018.........SUNRISE   629 AM EDT   SUNSET   722 PM EDT


-  INDICATES NEGATIVE NUMBERS.
R  INDICATES RECORD WAS SET OR TIED.
MM INDICATES DATA IS MISSING.
T  INDICATES TRACE AMOUNT.




$$
