000
CXUS51 KOKX 021758 RRA
CLSBDR
NYCCLSBDR 000
TTAA00 OKX 021752
CLIMATE REPORT
NATIONAL WEATHER SERVICE NEW YORK, NY
1252 PM EST TUE MAR 02 2021
...................................
...THE BRIDGEPORT CT CLIMATE SUMMARY FOR THE SEASON, FROM
12/1/2020 TO 2/28/2021...
CLIMATE NORMAL PERIOD 1981 TO 2010
CLIMATE RECORD PERIOD 1948 TO 2021
WEATHER OBSERVED NORMAL DEPART LAST YEAR`S
VALUE DATE(S) VALUE FROM VALUE
NORMAL
..............................................................
TEMPERATURE (F)
RECORD
HIGH 76 12/07/1998
LOW -7 01/22/1984
HIGHEST 61 12/13 MM MM
12/25
LOWEST 12 01/29 MM MM
AVG. MAXIMUM 40.7 39.7 1.0
AVG. MINIMUM 27.9 25.5 2.4
MEAN 34.3 32.6 1.7
DAYS MAX >= 90 0 0.0 0.0
DAYS MAX <= 32 11 17.0 -6.0
DAYS MIN <= 32 64 67.4 -3.4
DAYS MIN <= 0 0 0.3 -0.3
PRECIPITATION (INCHES)
RECORD
MAXIMUM 19.61 1979
MINIMUM 4.33 1980
TOTALS 10.00 9.22 0.78 12.58
DAILY AVG. 0.11 0.10 0.01
DAYS >= .01 33 31.7 1.3
DAYS >= .10 19 18.9 0.1
DAYS >= .50 7 6.2 0.8
DAYS >= 1.00 2 1.7 0.3
GREATEST
24 HR. TOTAL 1.42 12/05 TO 12/05
STORM TOTAL MM
(MM/DD(HH))
SNOWFALL (INCHES)
RECORDS
TOTAL 59.0 2011
24 HR TOTAL 18.5 MM
TOTALS 43.8 20.9 22.9
LIQUID EQUIV 4.40 2.00 2.40
SINCE 7/1 43.8 21.6 22.2
LIQUID 7/1 4.38
DAYS >= TRACE 28 11.0 17.0
DAYS >= 1.0 7 6.0 1.0
GREATEST
SNOW DEPTH 16 02/02
24 HR TOTAL 15.2 02/01 TO 02/01
STORM TOTAL MM
(MM/DD(HH))
DEGREE DAYS
HEATING TOTAL 2735 2914 -179
SINCE 7/1 3480 3888 -408
COOLING TOTAL 0 0 0
SINCE 1/1 0 0 0
..............................................................
WIND (MPH)
AVERAGE WIND SPEED 9.2
HIGHEST WIND SPEED/DIRECTION 39/160 DATE 12/25
HIGHEST GUST SPEED/DIRECTION 50/020 DATE 02/01
SKY COVER
POSSIBLE SUNSHINE (PERCENT) MM
AVERAGE SKY COVER 0.46
NUMBER OF DAYS FAIR 38
NUMBER OF DAYS PC 32
NUMBER OF DAYS CLOUDY 20
AVERAGE RH (PERCENT) 65
WEATHER CONDITIONS. NUMBER OF DAYS WITH
THUNDERSTORM 0 MIXED PRECIP 0
HEAVY RAIN 6 RAIN 9
LIGHT RAIN 21 FREEZING RAIN 0
LT FREEZING RAIN 4 HAIL 0
HEAVY SNOW 5 SNOW 7
LIGHT SNOW 22 SLEET 4
FOG 33 FOG W/VIS <= 1/4 MILE 10
HAZE 11
- INDICATES NEGATIVE NUMBERS.
R INDICATES RECORD WAS SET OR TIED.
MM INDICATES DATA IS MISSING.
T INDICATES TRACE AMOUNT.
$$