000
CXUS51 KCTP 280800
CF6BFD
PRELIMINARY LOCAL CLIMATOLOGICAL DATA (WS FORM: F-6)
STATION: BRADFORD
MONTH: MARCH
YEAR: 2024
LATITUDE: 41 47 N
LONGITUDE: 78 38 W
TEMPERATURE IN F: :PCPN: SNOW: WIND :SUNSHINE: SKY :PK WND
================================================================================
1 2 3 4 5 6A 6B 7 8 9 10 11 12 13 14 15 16 17 18
12Z AVG MX 2MIN
DY MAX MIN AVG DEP HDD CDD WTR SNW DPTH SPD SPD DIR MIN PSBL S-S WX SPD DR
================================================================================
1 48 15 32 4 33 0 T M M 6.9 17 140 M M 1 25 140
2 47 37 42 14 23 0 0.15 M M 5.9 16 130 M M 10 18 26 140
3 51 38 45 16 20 0 T M M 3.5 13 120 M M 8 128 19 110
4 68 36 52 23 13 0 0.00 M M 8.5 16 150 M M 3 12 25 140
5 70 47 59 30 6 0 0.04 M M 7.3 16 290 M M 3 23 300
6 58 40 49 19 16 0 0.90 M M 4.7 15 20 M M 10 1 24 30
7 56 36 46 16 19 0 0.00 M M 7.1 16 70 M M 5 18 22 80
8 61 30 46 16 19 0 0.00 M M 9.2 17 140 M M 1 1 28 140
9 48 38 43 12 22 0 0.37 M M 11.5 21 150 M M 10 18 35 140
10 38 27 33 2 32 0 0.10 M M 15.0 30 300 M M 10 1 43 300
11 42 28 35 4 30 0 T M M 15.8 29 300 M M 6 8 43 300
12 63 37 50 18 15 0 0.00 M M 7.0 16 310 M M 1 24 280
13 67 42 55 23 10 0 0.00 M M 6.5 16 240 M M 2 26 240
14 70 33 52 20 13 0 T M M 5.3 20 220 M M 3 18 34 220
15 57 40 49 17 16 0 T M M 9.0 21 320 M M 10 29 260
16 54 32 43 10 22 0 0.06 M M 8.6 33 270 M M 6 1 45 270
17 44 30 37 4 28 0 0.17 M M 9.6 20 280 M M 9 128 29 310
18 30 26 28 -6 37 0 0.01 M M 11.6 21 290 M M 10 33 270
19 35 25 30 -4 35 0 0.02 M M 8.3 17 210 M M 10 18 28 230
20 35 20 28 -6 37 0 0.04 M M 12.0 29 290 M M 9 18 41 290
21 29 13 21 -14 44 0 T M M 11.3 22 320 M M 6 29 300
22 36 9 23 -12 42 0 0.27 M M 5.9 17 120 M M 7 16 22 120
23 36 20 28 -7 37 0 0.22 M M 9.1 20 320 M M 9 126 27 330
24 39 18 29 -7 36 0 0.00 M M 6.2 17 340 M M 2 22 330
25 58 29 44 8 21 0 0.00 M M 12.9 22 140 M M 0 32 160
26 58 40 49 13 16 0 T M M 11.6 23 140 M M 4 35 140
27 63 38 51 14 14 0 0.01 M M 9.1 18 220 M M 7 29 220
================================================================================
SM 1361 824 656 0 2.36 M 239.4 M 162
================================================================================
AV 50.4 30.5 8.9 FASTST M M 6 MAX(MPH)
MISC ----> 33 270 45 270
================================================================================
NOTES:
# LAST OF SEVERAL OCCURRENCES
COLUMN 17 PEAK WIND IN M.P.H.
PRELIMINARY LOCAL CLIMATOLOGICAL DATA (WS FORM: F-6) , PAGE 2
STATION: BRADFORD
MONTH: MARCH
YEAR: 2024
LATITUDE: 41 47 N
LONGITUDE: 78 38 W
[TEMPERATURE DATA] [PRECIPITATION DATA] SYMBOLS USED IN COLUMN 16
AVERAGE MONTHLY: 40.5 TOTAL FOR MONTH: 2.36 1 = FOG OR MIST
DPTR FM NORMAL: 8.2 DPTR FM NORMAL: -0.26 2 = FOG REDUCING VISIBILITY
HIGHEST: 70 ON 14, 5 GRTST 24HR 0.91 ON 5- 6 TO 1/4 MILE OR LESS
LOWEST: 9 ON 22 3 = THUNDER
SNOW, ICE PELLETS, HAIL 4 = ICE PELLETS
TOTAL MONTH: M 5 = HAIL
GRTST 24HR M ON M 6 = FREEZING RAIN OR DRIZZLE
GRTST DEPTH: M ON M 7 = DUSTSTORM OR SANDSTORM:
VSBY 1/2 MILE OR LESS
8 = SMOKE OR HAZE
[NO. OF DAYS WITH] [WEATHER - DAYS WITH] 9 = BLOWING SNOW
X = TORNADO
MAX 32 OR BELOW: 2 0.01 INCH OR MORE: 13
MAX 90 OR ABOVE: 0 0.10 INCH OR MORE: 7
MIN 32 OR BELOW: 14 0.50 INCH OR MORE: 1
MIN 0 OR BELOW: 0 1.00 INCH OR MORE: 0
[HDD (BASE 65) ]
TOTAL THIS MO. 656 CLEAR (SCALE 0-3) 6
DPTR FM NORMAL -227 PTCLDY (SCALE 4-7) 11
TOTAL FM JUL 1 4909 CLOUDY (SCALE 8-10) 10
DPTR FM NORMAL -1174
[CDD (BASE 65) ]
TOTAL THIS MO. 0
DPTR FM NORMAL 0 [PRESSURE DATA]
TOTAL FM JAN 1 0 HIGHEST SLP M ON M
DPTR FM NORMAL 0 LOWEST SLP 29.51 ON 16
[REMARKS]