000
CXUS51 KCTP 010900
CF6BFD
PRELIMINARY LOCAL CLIMATOLOGICAL DATA (WS FORM: F-6)
STATION: BRADFORD
MONTH: NOVEMBER
YEAR: 2022
LATITUDE: 41 47 N
LONGITUDE: 78 38 W
TEMPERATURE IN F: :PCPN: SNOW: WIND :SUNSHINE: SKY :PK WND
================================================================================
1 2 3 4 5 6A 6B 7 8 9 10 11 12 13 14 15 16 17 18
12Z AVG MX 2MIN
DY MAX MIN AVG DEP HDD CDD WTR SNW DPTH SPD SPD DIR MIN PSBL S-S WX SPD DR
================================================================================
1 60 50 55 12 10 0 0.25 M M 4.6 14 280 M M 9 1 19 280
2 64 40 52 9 13 0 0.00 M M 1.5 9 90 M M 5 128 11 110
3 67 35 51 9 14 0 0.00 M M 4.5 13 220 M M 0 18 20 210
4 69 46 58 16 7 0 0.00 M M 6.7 15 180 M M 0 23 220
5 73 57 65 23 0 0 T M M 11.1 21 160 M M 4 33 150
6 71 60 66 25 0 1 0.02 M M 7.3 18 220 M M 6 27 240
7 62 37 50 9 15 0 0.00 M M 9.1 22 300 M M 1 27 280
8 53 31 42 2 23 0 0.00 M M 5.6 14 20 M M 0 24 10
9 60 26 43 3 22 0 0.00 M M 7.1 14 160 M M 0 18 160
10 66 35 51 11 14 0 0.00 M M 5.9 14 190 M M 0 20 230
11 63 51 57 18 8 0 2.31 M M 8.2 16 150 M M 8 18 23 150
12 59 35 47 8 18 0 0.09 M M 10.4 23 320 M M 10 1 30 320
13 35 30 33 -6 32 0 0.07 M M 9.7 18 270 M M 10 128 27 300
14 33 29 31 -7 34 0 0.01 M M 4.9 12 320 M M 10 1 15 320
15 32 29 31 -7 34 0 0.22 M M 8.6 17 100 M M 9 12 22 100
16 35 30 33 -5 32 0 0.01 M M 7.5 12 270 M M 10 16 22 260
17 31 27 29 -8 36 0 0.03 M M 10.4 26 290 M M 10 1 35 290
18 31 21 26 -11 39 0 T M M 10.0 18 270 M M 7 8 30 260
19 26 19 23 -13 42 0 T M M 9.3 16 190 M M 8 25 200
20 25 18 22 -14 43 0 T M M 9.9 21 280 M M 9 29 250
21 38 15 27 -9 38 0 0.00 M M 7.9 20 210 M M 1 29 200
22 45 20 33 -3 32 0 0.00 M M 4.7 14 250 M M 1 22 250
23 49 25 37 2 28 0 0.00 M M 3.4 12 310 M M 0 15 320
24 54 23 39 4 26 0 0.00 M M 3.5 12 310 M M 0 1 15 320
25 47 36 42 8 23 0 0.12 M M 10.4 22 310 M M 9 18 31 310
26 51 30 41 7 24 0 0.00 M M 5.1 14 290 M M 1 1 19 260
27 51 35 43 9 22 0 0.75 M M 8.3 20 300 M M 5 18 34 250
28 45 32 39 6 26 0 T M M 9.2 21 310 M M 10 1 30 300
29 43 33 38 5 27 0 0.00 M M 6.7 17 140 M M 7 24 160
30 48 28 38 5 27 0 0.59 M M 12.3 25 280 M M 9 1 41 270
================================================================================
SM 1486 983 709 1 4.47 M 223.8 M 159
================================================================================
AV 49.5 32.8 7.5 FASTST M M 5 MAX(MPH)
MISC ----> 26 290 41 270
================================================================================
NOTES:
# LAST OF SEVERAL OCCURRENCES
COLUMN 17 PEAK WIND IN M.P.H.
PRELIMINARY LOCAL CLIMATOLOGICAL DATA (WS FORM: F-6) , PAGE 2
STATION: BRADFORD
MONTH: NOVEMBER
YEAR: 2022
LATITUDE: 41 47 N
LONGITUDE: 78 38 W
[TEMPERATURE DATA] [PRECIPITATION DATA] SYMBOLS USED IN COLUMN 16
AVERAGE MONTHLY: 41.2 TOTAL FOR MONTH: 4.47 1 = FOG OR MIST
DPTR FM NORMAL: 3.4 DPTR FM NORMAL: 1.27 2 = FOG REDUCING VISIBILITY
HIGHEST: 73 ON 5 GRTST 24HR 2.34 ON 11-12 TO 1/4 MILE OR LESS
LOWEST: 15 ON 21 3 = THUNDER
SNOW, ICE PELLETS, HAIL 4 = ICE PELLETS
TOTAL MONTH: M 5 = HAIL
GRTST 24HR M ON M 6 = FREEZING RAIN OR DRIZZLE
GRTST DEPTH: M ON M 7 = DUSTSTORM OR SANDSTORM:
VSBY 1/2 MILE OR LESS
8 = SMOKE OR HAZE
[NO. OF DAYS WITH] [WEATHER - DAYS WITH] 9 = BLOWING SNOW
X = TORNADO
MAX 32 OR BELOW: 5 0.01 INCH OR MORE: 12
MAX 90 OR ABOVE: 0 0.10 INCH OR MORE: 6
MIN 32 OR BELOW: 17 0.50 INCH OR MORE: 3
MIN 0 OR BELOW: 0 1.00 INCH OR MORE: 1
[HDD (BASE 65) ]
TOTAL THIS MO. 709 CLEAR (SCALE 0-3) 11
DPTR FM NORMAL -107 PTCLDY (SCALE 4-7) 8
TOTAL FM JUL 1 1424 CLOUDY (SCALE 8-10) 11
DPTR FM NORMAL -223
[CDD (BASE 65) ]
TOTAL THIS MO. 1
DPTR FM NORMAL 1 [PRESSURE DATA]
TOTAL FM JAN 1 389 HIGHEST SLP 30.67 ON 8
DPTR FM NORMAL 107 LOWEST SLP 29.34 ON 27
[REMARKS]
#FINAL-11-22#