000
CXUS51 KCTP 010900
CF6BFD
PRELIMINARY LOCAL CLIMATOLOGICAL DATA (WS FORM: F-6)
STATION: BRADFORD
MONTH: NOVEMBER
YEAR: 2023
LATITUDE: 41 47 N
LONGITUDE: 78 38 W
TEMPERATURE IN F: :PCPN: SNOW: WIND :SUNSHINE: SKY :PK WND
================================================================================
1 2 3 4 5 6A 6B 7 8 9 10 11 12 13 14 15 16 17 18
12Z AVG MX 2MIN
DY MAX MIN AVG DEP HDD CDD WTR SNW DPTH SPD SPD DIR MIN PSBL S-S WX SPD DR
================================================================================
1 39 29 34 -9 31 0 0.01 M M 8.7 21 310 M M 9 8 28 310
2 44 32 38 -5 27 0 0.00 M M 6.1 14 220 M M 7 22 200
3 58 35 47 5 18 0 0.00 M M 7.9 20 200 M M 0 29 190
4 56 40 48 6 17 0 T M M 3.0 9 280 M M 9 12 280
5 53 32 43 1 22 0 0.00 M M 4.5 15 320 M M 5 8 18 320
6 60 30 45 4 20 0 0.06 M M 6.7 17 200 M M 3 26 230
7 58 41 50 9 15 0 0.01 M M 11.0 22 280 M M 8 35 290
8 46 31 39 -1 26 0 0.00 M M 8.0 18 140 M M 8 25 140
9 57 40 49 9 16 0 T M M 9.1 23 290 M M 7 30 300
10 51 34 43 3 22 0 0.00 M M 4.9 17 300 M M 4 18 24 280
11 46 26 36 -3 29 0 0.00 M M 2.6 14 330 M M 7 18 17 330
12 47 22 35 -4 30 0 0.00 M M 0.9 9 320 M M 2 12 330
13 54 23 39 0 26 0 0.00 M M 7.1 21 290 M M 3 28 300
14 50 28 39 1 26 0 0.00 M M 7.1 21 320 M M 4 26 320
15 62 23 43 5 22 0 0.00 M M 4.0 15 230 M M 0 24 200
16 63 31 47 9 18 0 0.00 M M 3.0 12 210 M M 0 17 200
17 59 42 51 14 14 0 0.61 M M 8.3 16 210 M M 8 12 28 220
18 44 31 38 1 27 0 T M M 7.5 16 300 M M 4 12 23 340
19 50 32 41 5 24 0 0.00 M M 7.6 24 300 M M 4 34 300
20 40 23 32 -4 33 0 0.00 M M 5.5 16 110 M M 0 24 100
21 43 32 38 2 27 0 0.72 M M 13.9 23 140 M M 7 16 37 150
22 44 36 40 4 25 0 0.05 M M 7.7 16 300 M M 10 18 23 300
23 40 35 38 3 27 0 T M M 6.3 13 280 M M 10 1 20 230
24 39 26 33 -2 32 0 0.00 M M 10.0 20 320 M M 9 27 290
25 39 22 31 -3 34 0 0.00 M M 4.0 14 330 M M 3 18 330
26 45 25 35 1 30 0 0.01 M M 8.1 17 150 M M 6 1 26 140
27 40 25 33 -1 32 0 0.01 M M 11.5 21 270 M M 10 18 33 270
28 26 20 23 -10 42 0 0.02 M M 12.0 23 270 M M 10 18 36 290
29 30 16 23 -10 42 0 T M M 7.4 15 220 M M 9 23 190
30 48 23 36 3 29 0 0.00 M M 6.8 15 200 M M 2 23 190
================================================================================
SM 1431 885 783 0 1.50 M 211.2 M 168
================================================================================
AV 47.7 29.5 7.0 FASTST M M 6 MAX(MPH)
MISC ----> 24 300 37 150
================================================================================
NOTES:
# LAST OF SEVERAL OCCURRENCES
COLUMN 17 PEAK WIND IN M.P.H.
PRELIMINARY LOCAL CLIMATOLOGICAL DATA (WS FORM: F-6) , PAGE 2
STATION: BRADFORD
MONTH: NOVEMBER
YEAR: 2023
LATITUDE: 41 47 N
LONGITUDE: 78 38 W
[TEMPERATURE DATA] [PRECIPITATION DATA] SYMBOLS USED IN COLUMN 16
AVERAGE MONTHLY: 38.6 TOTAL FOR MONTH: 1.50 1 = FOG OR MIST
DPTR FM NORMAL: 0.8 DPTR FM NORMAL: -1.70 2 = FOG REDUCING VISIBILITY
HIGHEST: 63 ON 16 GRTST 24HR 0.77 ON 21-22 TO 1/4 MILE OR LESS
LOWEST: 16 ON 29 3 = THUNDER
SNOW, ICE PELLETS, HAIL 4 = ICE PELLETS
TOTAL MONTH: M 5 = HAIL
GRTST 24HR M ON M 6 = FREEZING RAIN OR DRIZZLE
GRTST DEPTH: M ON M 7 = DUSTSTORM OR SANDSTORM:
VSBY 1/2 MILE OR LESS
8 = SMOKE OR HAZE
[NO. OF DAYS WITH] [WEATHER - DAYS WITH] 9 = BLOWING SNOW
X = TORNADO
MAX 32 OR BELOW: 2 0.01 INCH OR MORE: 9
MAX 90 OR ABOVE: 0 0.10 INCH OR MORE: 2
MIN 32 OR BELOW: 22 0.50 INCH OR MORE: 2
MIN 0 OR BELOW: 0 1.00 INCH OR MORE: 0
[HDD (BASE 65) ]
TOTAL THIS MO. 783 CLEAR (SCALE 0-3) 8
DPTR FM NORMAL -33 PTCLDY (SCALE 4-7) 12
TOTAL FM JUL 1 1363 CLOUDY (SCALE 8-10) 10
DPTR FM NORMAL -284
[CDD (BASE 65) ]
TOTAL THIS MO. 0
DPTR FM NORMAL 0 [PRESSURE DATA]
TOTAL FM JAN 1 355 HIGHEST SLP 30.52 ON 12
DPTR FM NORMAL 73 LOWEST SLP 29.63 ON 27
[REMARKS]
#FINAL-11-23#