000
CXUS51 KCTP 010846
CLSBFD
CLIMATE REPORT
NATIONAL WEATHER SERVICE STATE COLLEGE PA
446 AM EDT WED JUN 01 2022
...................................
...THE BRADFORD CLIMATE SUMMARY FOR THE SEASON, FROM
3/1/2022 TO 5/31/2022...
CLIMATE NORMAL PERIOD 1991 TO 2020
CLIMATE RECORD PERIOD 1957 TO 2022
WEATHER OBSERVED NORMAL DEPART LAST YEAR`S
VALUE DATE(S) VALUE FROM VALUE DATE(S)
NORMAL
................................................................
TEMPERATURE (F)
RECORD
HIGH 88 05/29/2018
05/30/2006
05/30/2006
LOW -21 03/02/1980
HIGHEST 87 05/21 86 05/20
05/30
05/21
LOWEST 2 03/04 3 03/07
03/08
AVG. MAXIMUM 58.5 55.3 3.2 57.6
AVG. MINIMUM 35.9 33.5 2.4 33.8
MEAN 47.2 44.4 2.8 45.7
DAYS MAX >= 90 0 0.0 0.0 0
DAYS MAX <= 32 4 8.6 -4.6 5
DAYS MIN <= 32 37 46.1 -9.1 44
DAYS MIN <= 0 0 1.0 -1.0 0
PRECIPITATION (INCHES)
RECORD
MAXIMUM 20.43 2011
MINIMUM 5.47 1999
TOTALS 11.51 10.80 0.71 6.51
DAILY AVG. 0.13 0.12 0.01 0.07
DAYS >= .01 54 43.8 10.2 27
DAYS >= .10 27 26.4 0.6 15
DAYS >= .50 7 6.5 0.5 4
DAYS >= 1.00 2 1.4 0.6 1
GREATEST
24 HR. TOTAL 1.10 MM 1.45
STORM TOTAL 1.09 1.20
(MM/DD(HH)) MM
DEGREE DAYS
HEATING TOTAL 1647 1914 -267 1775
SINCE 7/1 6329 7115 -786 MM
COOLING TOTAL 39 20 19 23
SINCE 1/1 39 20 19 MM
FREEZE DATES
RECORD
EARLIEST 08/05/1972
LATEST 06/30/1961
EARLIEST 10/19
LATEST 05/15
................................................................
WIND (MPH)
AVERAGE WIND SPEED 7.6
RESULTANT WIND SPEED/DIRECTION 2/250
HIGHEST WIND SPEED/DIRECTION 36/280 DATE 03/07
HIGHEST GUST SPEED/DIRECTION 54/270 DATE 03/07
SKY COVER
POSSIBLE SUNSHINE (PERCENT) MM
AVERAGE SKY COVER 0.54
NUMBER OF DAYS FAIR 25
NUMBER OF DAYS PC 39
NUMBER OF DAYS CLOUDY 28
AVERAGE RH (PERCENT) 61
WEATHER CONDITIONS. NUMBER OF DAYS WITH
THUNDERSTORM 10 MIXED PRECIP 0
HEAVY RAIN 11 RAIN 18
LIGHT RAIN 47 FREEZING RAIN 0
LT FREEZING RAIN 1 HAIL 0
HEAVY SNOW 10 SNOW 10
LIGHT SNOW 23 SLEET 0
FOG 40 FOG W/VIS <= 1/4 MILE 13
HAZE 44
- INDICATES NEGATIVE NUMBERS.
R INDICATES RECORD WAS SET OR TIED.
MM INDICATES DATA IS MISSING.
T INDICATES TRACE AMOUNT.
$$