000
CXUS53 KCYS 081702
CLABFF
CLIMATE REPORT
NATIONAL WEATHER SERVICE CHEYENNE WY
1002 AM MST SAT JAN 08 2022
...................................
...THE SCOTTSBLUFF NE AIRPORT CLIMATE SUMMARY FOR THE YEAR OF 2021...
CLIMATE NORMAL PERIOD 1991 TO 2020
CLIMATE RECORD PERIOD 1871 TO 2022
WEATHER OBSERVED NORMAL DEPART LAST YEAR`S
VALUE DATE(S) VALUE FROM VALUE DATE(S)
NORMAL
................................................................
TEMPERATURE (F)
RECORD
HIGH 110 07/11/1939
LOW -45 02/12/1899
HIGHEST 105 06/15 MM MM 105 07/07
09/05
LOWEST -20 02/14 MM MM -10 10/27
02/15
AVG. MAXIMUM 66.7 64.7 2.0 67.5
AVG. MINIMUM 36.1 35.1 1.0 34.9
MEAN 51.4 49.9 1.5 51.2
DAYS MAX >= 90 75 49.1 25.9 80
DAYS MAX <= 32 16 27.4 -11.4 16
DAYS MIN <= 32 167 174.4 -7.4 188
DAYS MIN <= 0 11 11.7 -0.7 3
PRECIPITATION (INCHES)
RECORD
MAXIMUM 27.48 1915
MINIMUM 2.93 2002
TOTALS 12.32 15.65 -3.33 8.81
DAILY AVG. 0.03 0.04 -0.01 0.03
DAYS >= .01 79 88.7 -9.7 78
DAYS >= .10 31 39.4 -8.4 26
DAYS >= .50 4 8.0 -4.0 2
DAYS >= 1.00 2 2.0 0.0 1
GREATEST
24 HR. TOTAL 1.29 03/13 TO 03/14 1.03 05/02 TO 05/02
STORM TOTAL 1.29 0.17
(MM/DD(HH)) MM
SNOWFALL (INCHES)
RECORDS
TOTAL 84.0 2019
24 HR TOTAL 11.0 03/14/2021 TO 03/14/2021
TOTALS 62.5 42.5 20.0 35.3
SINCE 7/1 10.3 16.8 -6.5 MM
DAYS >= TRACE 48 26.3 21.7 44
DAYS >= 1.0 17 13.3 3.7 10
GREATEST
SNOW DEPTH 16 02/14 7 10/26
10/25
24 HR TOTAL 11.0R 0MM14 TO 03/14 7.2
STORM TOTAL 11.0 3.0
(MM/DD(HH)) MM
DEGREE DAYS
HEATING TOTAL 5931 6312 -381 6057
SINCE 7/1 2023 2613 -590 MM
COOLING TOTAL 1094 853 241 1103
SINCE 1/1 1094 853 241 MM
................................................................
WIND (MPH)
AVERAGE WIND SPEED 9.3
HIGHEST WIND SPEED/DIRECTION 56/330 DATE 01/13
HIGHEST GUST SPEED/DIRECTION 86/320 DATE 01/13
SKY COVER
POSSIBLE SUNSHINE (PERCENT) MM
AVERAGE SKY COVER 0.25
NUMBER OF DAYS FAIR 247
NUMBER OF DAYS PC 84
NUMBER OF DAYS CLOUDY 33
AVERAGE RH (PERCENT) 57
WEATHER CONDITIONS. NUMBER OF DAYS WITH
THUNDERSTORM 34 MIXED PRECIP 0
HEAVY RAIN 8 RAIN 18
LIGHT RAIN 85 FREEZING RAIN 0
LT FREEZING RAIN 0 HAIL 0
HEAVY SNOW 4 SNOW 12
LIGHT SNOW 55 SLEET 0
FOG 85 FOG W/VIS <= 1/4 MILE 12
HAZE 71
- INDICATES NEGATIVE NUMBERS.
R INDICATES RECORD WAS SET OR TIED.
MM INDICATES DATA IS MISSING.
T INDICATES TRACE AMOUNT.
$$