000
CXUS56 KHNX 052252
CF6BFL
PRELIMINARY LOCAL CLIMATOLOGICAL DATA (WS FORM: F-6)
STATION: BAKERSFIELD CA
MONTH: SEPTEMBER
YEAR: 2022
LATITUDE: 35 25 N
LONGITUDE: 119 3 W
TEMPERATURE IN F: :PCPN: SNOW: WIND :SUNSHINE: SKY :PK WND
================================================================================
1 2 3 4 5 6A 6B 7 8 9 10 11 12 13 14 15 16 17 18
12Z AVG MX 2MIN
DY MAX MIN AVG DEP HDD CDD WTR SNW DPTH SPD SPD DIR MIN PSBL S-S WX SPD DR
================================================================================
1 103 77 90 8 0 25 0.00 0.0 0 4.2 13 310 M M 0 8 18 310
2 106 79 93 12 0 28 0.00 0.0 0 4.3 14 330 M M 0 8 16 300
3 102 77 90 9 0 25 0.00 0.0 0 4.6 13 310 M M 0 17 320
4 106 76 91 10 0 26 0.00 0.0 0 3.9 15 300 M M 0 19 310
5 108 81 95 14 0 30 0.00 0.0 0 5.2 16 310 M M 0 21 310
6 115 80 98 17 0 33 0.00 0.0 0 6.9 18 320 M M 0 22 330
7 111 84 98 18 0 33 0.00 0.0 0 6.4 17 340 M M 0 22 330
8 107 82 95 15 0 30 0.00 0.0 0 5.5 17 350 M M 0 20 330
9 104 81 93 13 0 28 0.00 0.0 0 5.3 23 130 M M 0 8 29 140
10 99 78 89 9 0 24 0.00 0.0 0 10.7 21 360 M M 2 29 170
11 95 75 85 5 0 20 0.00 0.0 0 6.5 17 140 M M 1 8 20 330
12 95 75 85 6 0 20 0.00 0.0 0 4.6 12 320 M M 1 8 17 280
13 92 70 81 2 0 16 0.00 0.0 0 6.3 15 330 M M 1 18 340
14 84 61 73 -6 0 8 0.00 0.0 0 6.2 14 320 M M 0 20 280
15 82 61 72 -7 0 7 0.00 0.0 0 5.3 14 330 M M 0 17 330
16 83 61 72 -6 0 7 0.00 0.0 0 4.1 14 290 M M 0 8 17 290
17 88 63 76 -2 0 11 0.00 0.0 0 5.8 16 340 M M 0 8 19 350
18 85 59 72 -6 0 7 0.00 0.0 0 9.8 21 350 M M 0 24 350
19 83 62 73 -5 0 8 0.00 0.0 0 8.1 22 330 M M 0 27 330
20 84 65 75 -2 0 10 0.00 0.0 0 7.4 21 310 M M 4 24 320
21 83 62 73 -4 0 8 0.00 0.0 0 7.0 16 330 M M 0 27 330
22 83 60 72 -5 0 7 0.00 0.0 0 4.8 13 340 M M 0 8 18 320
23 88 61 75 -1 0 10 0.00 0.0 0 4.1 14 290 M M 0 8 16 290
24 94 67 81 5 0 16 0.00 0.0 0 3.7 15 290 M M 0 8 21 280
25 96 70 83 7 0 18 0.00 0.0 0 4.5 13 290 M M 0 17 300
26 98 64 81 6 0 16 0.00 0.0 0 3.0 12 310 M M 0 8 13 300
27 94 71 83 8 0 18 0.00 0.0 0 4.6 13 300 M M 0 8 15 320
28 93 68 81 6 0 16 0.00 0.0 0 3.7 10 310 M M 0 8 14 310
29 89 67 78 4 0 13 0.00 0.0 0 4.6 14 300 M M 0 8 16 310
30 90 66 78 4 0 13 0.00 0.0 0 5.2 15 320 M M 0 21 310
================================================================================
SM 2840 2103 0 531 0.00 0.0 166.3 M 9
================================================================================
AV 94.7 70.1 5.5 FASTST M M 0 MAX(MPH)
MISC ----> 23 130 # 29 140
================================================================================
NOTES:
# LAST OF SEVERAL OCCURRENCES
COLUMN 17 PEAK WIND IN M.P.H.
PRELIMINARY LOCAL CLIMATOLOGICAL DATA (WS FORM: F-6) , PAGE 2
STATION: BAKERSFIELD CA
MONTH: SEPTEMBER
YEAR: 2022
LATITUDE: 35 25 N
LONGITUDE: 119 3 W
[TEMPERATURE DATA] [PRECIPITATION DATA] SYMBOLS USED IN COLUMN 16
AVERAGE MONTHLY: 82.4 TOTAL FOR MONTH: 0.00 1 = FOG OR MIST
DPTR FM NORMAL: 4.2 DPTR FM NORMAL: -0.05 2 = FOG REDUCING VISIBILITY
HIGHEST: 115 ON 6 GRTST 24HR 0.00 ON 1- 1 TO 1/4 MILE OR LESS
LOWEST: 59 ON 18 3 = THUNDER
SNOW, ICE PELLETS, HAIL 4 = ICE PELLETS
TOTAL MONTH: 0.0 INCH 5 = HAIL
GRTST 24HR 0.0 6 = FREEZING RAIN OR DRIZZLE
GRTST DEPTH: 0 7 = DUSTSTORM OR SANDSTORM:
VSBY 1/2 MILE OR LESS
8 = SMOKE OR HAZE
[NO. OF DAYS WITH] [WEATHER - DAYS WITH] 9 = BLOWING SNOW
X = TORNADO
MAX 32 OR BELOW: 0 0.01 INCH OR MORE: 0
MAX 90 OR ABOVE: 19 0.10 INCH OR MORE: 0
MIN 32 OR BELOW: 0 0.50 INCH OR MORE: 0
MIN 0 OR BELOW: 0 1.00 INCH OR MORE: 0
[HDD (BASE 65) ]
TOTAL THIS MO. 0 CLEAR (SCALE 0-3) 29
DPTR FM NORMAL -1 PTCLDY (SCALE 4-7) 1
TOTAL FM JUL 1 0 CLOUDY (SCALE 8-10) 0
DPTR FM NORMAL 0
[CDD (BASE 65) ]
TOTAL THIS MO. 531
DPTR FM NORMAL 134 [PRESSURE DATA]
TOTAL FM JAN 1 2751 HIGHEST SLP 30.06 ON 22
DPTR FM NORMAL 465 LOWEST SLP 29.46 ON 9
[REMARKS]
#FINAL-09-22#