000
CDUS41 KBGM 202122
CLIBGM


CLIMATE REPORT
NATIONAL WEATHER SERVICE BINGHAMTON NY
521 PM EDT FRI APR 20 2018


...................................

...THE BINGHAMTON NY CLIMATE SUMMARY FOR APRIL 20 2018...
VALID TODAY AS OF 0500 PM LOCAL TIME.

CLIMATE NORMAL PERIOD 1981 TO 2010
CLIMATE RECORD PERIOD 1951 TO 2018


WEATHER ITEM   OBSERVED TIME   RECORD YEAR NORMAL DEPARTURE LAST
                VALUE   (LST)  VALUE       VALUE  FROM      YEAR
                                                  NORMAL
..................................................................
TEMPERATURE (F)
 TODAY
  MAXIMUM         37    344 PM  80    1954  56    -19       59
  MINIMUM         26    552 AM  24    1988  38    -12       47
                                      1953
  AVERAGE         32                        47    -15       53

PRECIPITATION (IN)
  TODAY            0.01          1.07 2017   0.10  -0.09     1.07
  MONTH TO DATE    1.77                      2.32  -0.55     4.45
  SINCE MAR 1      4.69                      5.31  -0.62    10.05
  SINCE JAN 1     10.89                     10.07   0.82    16.32

SNOWFALL (IN)
  TODAY            0.1           5.2  1983   0.1    0.0      0.0
  MONTH TO DATE    6.2                       3.5    2.7      2.1
  SINCE MAR 1     42.5                      18.6   23.9     41.7
  SINCE JUL 1     90.6                      82.5    8.1    135.2
  SNOW DEPTH       T

DEGREE DAYS
 HEATING
  TODAY           33                        18     15       12
  MONTH TO DATE  569                       441    128      333
  SINCE MAR 1   1688                      1438    250     1445
  SINCE JUL 1   6656                      6637     19     6058

 COOLING
  TODAY            0                         0      0        0
  MONTH TO DATE    0                         0      0        4
  SINCE MAR 1      0                         0      0        4
  SINCE JAN 1      0                         0      0        4
..................................................................


WIND (MPH)
  HIGHEST WIND SPEED    21   HIGHEST WIND DIRECTION    NW (330)
  HIGHEST GUST SPEED    29   HIGHEST GUST DIRECTION     N (350)
  AVERAGE WIND SPEED    13.3


SKY COVER
  AVERAGE SKY COVER 1.0


WEATHER CONDITIONS
 THE FOLLOWING WEATHER WAS RECORDED TODAY.
  LIGHT SNOW
  FOG


RELATIVE HUMIDITY (PERCENT)
 HIGHEST    84           300 AM
 LOWEST     56           400 PM
 AVERAGE    70

..........................................................


THE BINGHAMTON NY CLIMATE NORMALS FOR TOMORROW
                         NORMAL    RECORD    YEAR
 MAXIMUM TEMPERATURE (F)   57        82      1985
                                             1976
 MINIMUM TEMPERATURE (F)   38        21      1956


SUNRISE AND SUNSET
APRIL 20 2018.........SUNRISE   615 AM EDT   SUNSET   751 PM EDT
APRIL 21 2018.........SUNRISE   614 AM EDT   SUNSET   752 PM EDT


-  INDICATES NEGATIVE NUMBERS.
R  INDICATES RECORD WAS SET OR TIED.
MM INDICATES DATA IS MISSING.
T  INDICATES TRACE AMOUNT.




$$
