000
CDUS41 KBGM 102126
CLIBGM


CLIMATE REPORT
NATIONAL WEATHER SERVICE BINGHAMTON NY
523 PM EDT THU MAY 10 2018


...................................

...THE BINGHAMTON NY CLIMATE SUMMARY FOR MAY 10 2018...
VALID TODAY AS OF 0500 PM LOCAL TIME.

CLIMATE NORMAL PERIOD 1981 TO 2010
CLIMATE RECORD PERIOD 1951 TO 2018


WEATHER ITEM   OBSERVED TIME   RECORD YEAR NORMAL DEPARTURE LAST
                VALUE   (LST)  VALUE       VALUE  FROM      YEAR
                                                  NORMAL
..................................................................
TEMPERATURE (F)
 TODAY
  MAXIMUM         72    158 PM  84    2015  64      8       53
                                      1979
                                      1953
  MINIMUM         55    521 AM  25    1966  44     11       35
  AVERAGE         64                        54     10       44

PRECIPITATION (IN)
  TODAY            0.50          1.55 1998   0.11   0.39     0.00
  MONTH TO DATE    0.93                      1.09  -0.16     2.98
  SINCE MAR 1      6.22                      7.51  -1.29    14.19
  SINCE JAN 1     12.42                     12.27   0.15    20.46

SNOWFALL (IN)
  TODAY            0.0           T    2000   0.0    0.0      0.0
  MONTH TO DATE    0.0                       0.1   -0.1      0.0
  SINCE MAR 1     42.5                      19.5   23.0     41.7
  SINCE JUL 1     90.6                      83.4    7.2    135.2
  SNOW DEPTH       0

DEGREE DAYS
 HEATING
  TODAY            1                        11    -10       21
  MONTH TO DATE   40                       128    -88      180
  SINCE MAR 1   1912                      1728    184     1727
  SINCE JUL 1   6880                      6927    -47     6340

 COOLING
  TODAY            0                         0      0        0
  MONTH TO DATE   13                         0     13        0
  SINCE MAR 1     13                         4      9        4
  SINCE JAN 1     13                         4      9        4
..................................................................


WIND (MPH)
  HIGHEST WIND SPEED    21   HIGHEST WIND DIRECTION    SW (210)
  HIGHEST GUST SPEED    29   HIGHEST GUST DIRECTION    SW (210)
  AVERAGE WIND SPEED    12.1


SKY COVER
  AVERAGE SKY COVER 0.3


WEATHER CONDITIONS
 THE FOLLOWING WEATHER WAS RECORDED TODAY.
  THUNDERSTORM
  HEAVY RAIN
  LIGHT RAIN
  FOG


RELATIVE HUMIDITY (PERCENT)
 HIGHEST    67          1100 AM
 LOWEST     52           800 AM
 AVERAGE    60

..........................................................


THE BINGHAMTON NY CLIMATE NORMALS FOR TOMORROW
                         NORMAL    RECORD    YEAR
 MAXIMUM TEMPERATURE (F)   64        84      2015
                                             1959
                                             1953
 MINIMUM TEMPERATURE (F)   45        28      1966


SUNRISE AND SUNSET
MAY 10 2018...........SUNRISE   548 AM EDT   SUNSET   813 PM EDT
MAY 11 2018...........SUNRISE   547 AM EDT   SUNSET   814 PM EDT


-  INDICATES NEGATIVE NUMBERS.
R  INDICATES RECORD WAS SET OR TIED.
MM INDICATES DATA IS MISSING.
T  INDICATES TRACE AMOUNT.




$$
