790
CDUS41 KBGM 180710
CLIBGM


CLIMATE REPORT
NATIONAL WEATHER SERVICE BINGHAMTON NY
309 AM EDT FRI MAY 18 2018


...................................

...THE BINGHAMTON NY CLIMATE SUMMARY FOR MAY 17 2018...

CLIMATE NORMAL PERIOD 1981 TO 2010
CLIMATE RECORD PERIOD 1951 TO 2018


WEATHER ITEM   OBSERVED TIME   RECORD YEAR NORMAL DEPARTURE LAST
                VALUE   (LST)  VALUE       VALUE  FROM      YEAR
                                                  NORMAL
..................................................................
TEMPERATURE (F)
 YESTERDAY
  MAXIMUM         79    321 PM  86    2017  66     13       86
                                      1962
  MINIMUM         55    643 AM  25    1956  46      9       55
  AVERAGE         67                        56     11       71

PRECIPITATION (IN)
  YESTERDAY        0.00          0.89 1970   0.11  -0.11     0.00
  MONTH TO DATE    1.66                      1.85  -0.19     3.66
  SINCE MAR 1      6.95                      8.27  -1.32    14.87
  SINCE JAN 1     13.15                     13.03   0.12    21.14

SNOWFALL (IN)
  YESTERDAY        0.0           1.0  1973   0.0    0.0      0.0
  MONTH TO DATE    0.0                       0.1   -0.1      0.0
  SINCE MAR 1     42.5                      19.5   23.0     41.7
  SINCE JUL 1     90.6                      83.4    7.2    135.2
  SNOW DEPTH       0

DEGREE DAYS
 HEATING
  YESTERDAY        0                         9     -9        0
  MONTH TO DATE  108                       200    -92      266
  SINCE MAR 1   1980                      1800    180     1813
  SINCE JUL 1   6948                      6999    -51     6426

 COOLING
  YESTERDAY        2                         1      1        6
  MONTH TO DATE   15                         5     10        6
  SINCE MAR 1     15                         9      6       10
  SINCE JAN 1     15                         9      6       10
..................................................................


WIND (MPH)
  HIGHEST WIND SPEED    13   HIGHEST WIND DIRECTION     N (10)
  HIGHEST GUST SPEED    16   HIGHEST GUST DIRECTION     N (350)
  AVERAGE WIND SPEED     4.1


SKY COVER
  AVERAGE SKY COVER 0.4


WEATHER CONDITIONS
 THE FOLLOWING WEATHER WAS RECORDED YESTERDAY.
  FOG
  FOG W/VISIBILITY <= 1/4 MILE


RELATIVE HUMIDITY (PERCENT)
 HIGHEST   100           600 AM
 LOWEST     35           400 PM
 AVERAGE    68

..........................................................


THE BINGHAMTON NY CLIMATE NORMALS FOR TODAY
                         NORMAL    RECORD    YEAR
 MAXIMUM TEMPERATURE (F)   66        87      1962
 MINIMUM TEMPERATURE (F)   47        32      2002
                                             1973


SUNRISE AND SUNSET
MAY 18 2018...........SUNRISE   540 AM EDT   SUNSET   821 PM EDT
MAY 19 2018...........SUNRISE   539 AM EDT   SUNSET   822 PM EDT


-  INDICATES NEGATIVE NUMBERS.
R  INDICATES RECORD WAS SET OR TIED.
MM INDICATES DATA IS MISSING.
T  INDICATES TRACE AMOUNT.




$$
