000
CDUS41 KBGM 120546
CLIBGM


CLIMATE REPORT
NATIONAL WEATHER SERVICE BINGHAMTON NY
145 AM EDT THU APR 12 2018


...................................

...THE BINGHAMTON NY CLIMATE SUMMARY FOR APRIL 11 2018...

CLIMATE NORMAL PERIOD 1981 TO 2010
CLIMATE RECORD PERIOD 1951 TO 2018


WEATHER ITEM   OBSERVED TIME   RECORD YEAR NORMAL DEPARTURE LAST
                VALUE   (LST)  VALUE       VALUE  FROM      YEAR
                                                  NORMAL
..................................................................
TEMPERATURE (F)
 YESTERDAY
  MAXIMUM         43    412 PM  79    1977  52     -9       78
  MINIMUM         24    419 AM  16    1970  34    -10       54
  AVERAGE         34                        43     -9       66

PRECIPITATION (IN)
  YESTERDAY        T             0.71 1992   0.11  -0.11     0.02
  MONTH TO DATE    0.87                      1.29  -0.42     2.46
  SINCE MAR 1      3.79                      4.28  -0.49     8.06
  SINCE JAN 1      9.99                      9.04   0.95    14.33

SNOWFALL (IN)
  YESTERDAY        T             2.5  1993   0.2   -0.2      0.0
  MONTH TO DATE    4.1                       2.3    1.8      2.1
  SINCE MAR 1     40.4                      17.4   23.0     41.7
  SINCE JUL 1     88.5                      81.3    7.2    135.2
  SNOW DEPTH       0

DEGREE DAYS
 HEATING
  YESTERDAY       31                        22      9        0
  MONTH TO DATE  366                       263    103      203
  SINCE MAR 1   1485                      1260    225     1315
  SINCE JUL 1   6453                      6459     -6     5928

 COOLING
  YESTERDAY        0                         0      0        1
  MONTH TO DATE    0                         0      0        1
  SINCE MAR 1      0                         0      0        1
  SINCE JAN 1      0                         0      0        1
..................................................................


WIND (MPH)
  HIGHEST WIND SPEED    20   HIGHEST WIND DIRECTION     W (250)
  HIGHEST GUST SPEED    28   HIGHEST GUST DIRECTION     W (250)
  AVERAGE WIND SPEED     7.2


SKY COVER
  AVERAGE SKY COVER 0.7


WEATHER CONDITIONS
 THE FOLLOWING WEATHER WAS RECORDED YESTERDAY.
  LIGHT SNOW


RELATIVE HUMIDITY (PERCENT)
 HIGHEST    81           400 AM
 LOWEST     45           200 PM
 AVERAGE    63

..........................................................


THE BINGHAMTON NY CLIMATE NORMALS FOR TODAY
                         NORMAL    RECORD    YEAR
 MAXIMUM TEMPERATURE (F)   53        80      1977
 MINIMUM TEMPERATURE (F)   35        14      1976


SUNRISE AND SUNSET
APRIL 12 2018.........SUNRISE   628 AM EDT   SUNSET   742 PM EDT
APRIL 13 2018.........SUNRISE   626 AM EDT   SUNSET   743 PM EDT


-  INDICATES NEGATIVE NUMBERS.
R  INDICATES RECORD WAS SET OR TIED.
MM INDICATES DATA IS MISSING.
T  INDICATES TRACE AMOUNT.




$$
