706
CDUS41 KBGM 270552
CLIBGM


CLIMATE REPORT
NATIONAL WEATHER SERVICE BINGHAMTON NY
151 AM EDT SUN MAY 27 2018


...................................

...THE BINGHAMTON NY CLIMATE SUMMARY FOR MAY 26 2018...

CLIMATE NORMAL PERIOD 1981 TO 2010
CLIMATE RECORD PERIOD 1951 TO 2018


WEATHER ITEM   OBSERVED TIME   RECORD YEAR NORMAL DEPARTURE LAST
                VALUE   (LST)  VALUE       VALUE  FROM      YEAR
                                                  NORMAL
..................................................................
TEMPERATURE (F)
 YESTERDAY
  MAXIMUM         82    131 PM  87    2010  69     13       61
  MINIMUM         61    524 AM  36    1961  49     12       52
  AVERAGE         72                        59     13       57

PRECIPITATION (IN)
  YESTERDAY        0.00          0.91 2009   0.12  -0.12     0.16
  MONTH TO DATE    3.27                      2.96   0.31     4.77
  SINCE MAR 1      8.56                      9.38  -0.82    15.98
  SINCE JAN 1     14.76                     14.14   0.62    22.25

SNOWFALL (IN)
  YESTERDAY        0.0           0.0  2002   0.0    0.0      0.0
                                      2001
  MONTH TO DATE    0.0                       0.1   -0.1      0.0
  SINCE MAR 1     42.5                      19.5   23.0     41.7
  SINCE JUL 1     90.6                      83.4    7.2    135.2
  SNOW DEPTH       0

DEGREE DAYS
 HEATING
  YESTERDAY        0                         7     -7        8
  MONTH TO DATE  143                       273   -130      328
  SINCE MAR 1   2015                      1873    142     1875
  SINCE JUL 1   6983                      7072    -89     6488

 COOLING
  YESTERDAY        7                         1      6        0
  MONTH TO DATE   26                        14     12       17
  SINCE MAR 1     26                        18      8       21
  SINCE JAN 1     26                        18      8       21
..................................................................


WIND (MPH)
  HIGHEST WIND SPEED    14   HIGHEST WIND DIRECTION     W (280)
  HIGHEST GUST SPEED    19   HIGHEST GUST DIRECTION     W (280)
  AVERAGE WIND SPEED     6.0


SKY COVER
  AVERAGE SKY COVER 0.3


WEATHER CONDITIONS
 THE FOLLOWING WEATHER WAS RECORDED YESTERDAY.
  HAZE


RELATIVE HUMIDITY (PERCENT)
 HIGHEST    65           600 AM
 LOWEST     39           100 PM
 AVERAGE    52

..........................................................


THE BINGHAMTON NY CLIMATE NORMALS FOR TODAY
                         NORMAL    RECORD    YEAR
 MAXIMUM TEMPERATURE (F)   69        86      2010
 MINIMUM TEMPERATURE (F)   50        34      1969


SUNRISE AND SUNSET
MAY 27 2018...........SUNRISE   533 AM EDT   SUNSET   830 PM EDT
MAY 28 2018...........SUNRISE   532 AM EDT   SUNSET   831 PM EDT


-  INDICATES NEGATIVE NUMBERS.
R  INDICATES RECORD WAS SET OR TIED.
MM INDICATES DATA IS MISSING.
T  INDICATES TRACE AMOUNT.




$$
