000
CXUS51 KCAR 010700
CF6BGR
PRELIMINARY LOCAL CLIMATOLOGICAL DATA (WS FORM: F-6)
STATION: BANGOR ME
MONTH: JANUARY
YEAR: 2024
LATITUDE: 44 47 N
LONGITUDE: 68 49 W
TEMPERATURE IN F: :PCPN: SNOW: WIND :SUNSHINE: SKY :PK WND
================================================================================
1 2 3 4 5 6A 6B 7 8 9 10 11 12 13 14 15 16 17 18
12Z AVG MX 2MIN
DY MAX MIN AVG DEP HDD CDD WTR SNW DPTH SPD SPD DIR MIN PSBL S-S WX SPD DR
================================================================================
1 25 19 22 1 43 0 T T 1 7.3 13 330 M M 10 16 350
2 33 15 24 3 41 0 T T T 3.0 9 350 M M 2 14 280
3 36 17 27 7 38 0 0.00 0.0 T 2.3 8 240 M M 8 12 220
4 39 16 28 8 37 0 T T 0 8.9 29 310 M M 8 41 320
5 24 12 18 -2 47 0 0.00 0.0 0 10.1 21 330 M M 2 31 320
6 23 15 19 -1 46 0 T T T 7.5 15 350 M M 8 20 350
7 23 15 19 -1 46 0 0.06 1.0 T 12.0 18 360 M M 10 1 26 30
8 29 14 22 3 43 0 0.00 0.0 1 9.4 23 320 M M 5 31 320
9 32 11 22 3 43 0 0.09 1.0 1 5.2 16 110 M M 6 1 22 130
10 49 32 41 22 24 0 1.31 2.9 2 15.8 40 120 M M 9 14 59 140
11 41 30 36 17 29 0 T T 0 5.8 15 270 M M 7 25 270
12 34 20 27 8 38 0 0.00 0.0 0 5.3 20 320 M M 3 25 320
13 49 23 36 18 29 0 0.52 3.0 0 12.6 32 100 M M 10 12 44 120
14 39 25 32 14 33 0 0.01 T 0 9.2 26 320 M M 5 1 34 310
15 32 14 23 5 42 0 0.00 0.0 T 5.1 13 240 M M 2 21 250
16 27 13 20 2 45 0 0.37 4.9 0 8.9 21 310 M M 9 126 31 300
17 25 14 20 2 45 0 T T 5 8.7 20 310 M M 4 31 320
18 26 1 14 -4 51 0 0.00 0.0 5 5.7 18 250 M M 2 27 280
19 21 -4 9 -9 56 0 0.00 0.0 5 6.8 16 320 M M 3 23 320
20 19 7 13 -5 52 0 T T 5 10.4 16 320 M M 10 20 310
21 20 9 15 -3 50 0 0.00 0.0 5 12.9 26 320 M M 3 33 320
22 37 2 20 2 45 0 0.00 0.0 4 6.1 13 210 M M 7 19 220
23 36 18 27 9 38 0 0.00 0.0 4 10.0 25 330 M M 8 33 330
24 23 12 18 0 47 0 0.17 0.8 4 2.6 14 30 M M 9 1468 19 30
25 37 23 30 12 35 0 0.25 0.0 4 4.6 10 60 M M 9 146 14 50
26 33 29 31 13 34 0 0.22 2.8 3 5.6 13 120 M M 10 1 18 130
27 33 28 31 13 34 0 T T 6 5.6 13 360 M M 10 1 16 360
28 36 31 34 16 31 0 T T 5 3.3 16 360 M M 10 1 20 350
29 34 22 28 10 37 0 0.05 1.1 5 15.2 26 20 M M 10 1 34 30
30 22 -3 10 -8 55 0 T T 5 6.8 18 30 M M 3 25 20
31 34 -5 15 -3 50 0 0.00 0.0 5 2.1 7 190 M M 6 9 180
================================================================================
SM 971 475 1284 0 3.05 17.5 234.8 M 208
================================================================================
AV 31.3 15.3 7.6 FASTST M M 7 MAX(MPH)
MISC ----> 40 120 59 140
================================================================================
NOTES:
# LAST OF SEVERAL OCCURRENCES
COLUMN 17 PEAK WIND IN M.P.H.
PRELIMINARY LOCAL CLIMATOLOGICAL DATA (WS FORM: F-6) , PAGE 2
STATION: BANGOR ME
MONTH: JANUARY
YEAR: 2024
LATITUDE: 44 47 N
LONGITUDE: 68 49 W
[TEMPERATURE DATA] [PRECIPITATION DATA] SYMBOLS USED IN COLUMN 16
AVERAGE MONTHLY: 23.3 TOTAL FOR MONTH: 3.05 1 = FOG OR MIST
DPTR FM NORMAL: 4.8 DPTR FM NORMAL: -0.12 2 = FOG REDUCING VISIBILITY
HIGHEST: 49 ON 13,10 GRTST 24HR 1.31 ON 10-10 TO 1/4 MILE OR LESS
LOWEST: -5 ON 31 3 = THUNDER
SNOW, ICE PELLETS, HAIL 4 = ICE PELLETS
TOTAL MONTH: 17.5 INCHES 5 = HAIL
GRTST 24HR 4.9 ON 16-16 6 = FREEZING RAIN OR DRIZZLE
GRTST DEPTH: 6 ON 27 7 = DUSTSTORM OR SANDSTORM:
VSBY 1/2 MILE OR LESS
8 = SMOKE OR HAZE
[NO. OF DAYS WITH] [WEATHER - DAYS WITH] 9 = BLOWING SNOW
X = TORNADO
MAX 32 OR BELOW: 15 0.01 INCH OR MORE: 10
MAX 90 OR ABOVE: 0 0.10 INCH OR MORE: 6
MIN 32 OR BELOW: 31 0.50 INCH OR MORE: 2
MIN 0 OR BELOW: 3 1.00 INCH OR MORE: 1
[HDD (BASE 65) ]
TOTAL THIS MO. 1284 CLEAR (SCALE 0-3) 7
DPTR FM NORMAL -156 PTCLDY (SCALE 4-7) 11
TOTAL FM JUL 1 3663 CLOUDY (SCALE 8-10) 13
DPTR FM NORMAL -567
[CDD (BASE 65) ]
TOTAL THIS MO. 0
DPTR FM NORMAL 0 [PRESSURE DATA]
TOTAL FM JAN 1 0 HIGHEST SLP 30.71 ON 24
DPTR FM NORMAL 0 LOWEST SLP 28.91 ON 10
[REMARKS]
#FINAL-01-24#