000
CXUS55 KBYZ 011000
CF6BHK
PRELIMINARY LOCAL CLIMATOLOGICAL DATA (WS FORM: F-6)
STATION: BAKER MT
MONTH: AUGUST
YEAR: 2022
LATITUDE: 46 20 N
LONGITUDE: 104 15 W
TEMPERATURE IN F: :PCPN: SNOW: WIND :SUNSHINE: SKY :PK WND
================================================================================
1 2 3 4 5 6A 6B 7 8 9 10 11 12 13 14 15 16 17 18
12Z AVG MX 2MIN
DY MAX MIN AVG DEP HDD CDD WTR SNW DPTH SPD SPD DIR MIN PSBL S-S WX SPD DR
================================================================================
1 99 58 79 7 0 14 0.00 M M 7.3 18 320 M M 0 8 24 330
2 94 61 78 6 0 13 0.00 M M 8.5 22 350 M M 1 27 360
3 93 55 74 2 0 9 0.00 M M 5.6 21 240 M M 1 26 210
4 102 55 79 7 0 14 T M M 9.2 25 240 M M 0 8 33 230
5 88 61 75 3 0 10 0.01 M M 9.2 24 330 M M 1 8 27 340
6 64 53 59 -13 6 0 0.26 M M 7.0 14 110 M M 8 1 18 100
7 76 53 65 -6 0 0 T M M 8.2 15 280 M M 6 18 280
8 93 51 72 1 0 7 0.00 M M 7.6 15 170 M M 0 20 210
9 91 54 73 2 0 8 0.00 M M 9.2 23 70 M M 0 27 50
10 90 58 74 3 0 9 0.00 M M 21.1 29 110 M M 0 37 120
11 95 63 79 8 0 14 0.00 M M 13.9 26 110 M M 0 33 110
12 97 62 80 10 0 15 0.00 M M 5.5 16 340 M M 0 20 340
13 98 62 80 10 0 15 0.00 M M 7.3 18 140 M M 1 21 140
14 95 68 82 12 0 17 0.06 M M 6.4 21 300 M M 3 3 32 290
15 94 61 78 8 0 13 T M M 13.0 26 260 M M 2 33 260
16 94 59 77 7 0 12 0.00 M M M 15 70 M M 1 20 90
17 87 55 71 2 0 6 T M M 8.3 30 300 M M 1 41 310
18 85 56 71 2 0 6 0.00 M M 9.3 20 350 M M 1 30 10
19 82 53 68 -1 0 3 0.00 M M 7.1 20 40 M M 0 24 360
20 87 51 69 1 0 4 0.00 M M 12.6 24 140 M M 0 30 140
21 97 60 79 11 0 14 0.00 M M 7.5 20 140 M M 0 25 150
22 95 57 76 8 0 11 0.00 M M 5.9 20 330 M M 1 24 330
23 86 62 74 6 0 9 0.04 M M 8.0 23 330 M M 3 3 30 330
24 78 56 67 0 0 2 T M M 7.9 18 80 M M 5 12 21 80
25 71 58 65 -2 0 0 0.08 M M 12.0 18 130 M M 8 13 23 110
26 88 60 74 7 0 9 0.18 M M 14.5 29 180 M M 3 3 37 170
27 92 57 75 9 0 10 0.01 M M 10.0 25 290 M M 1 3 32 290
28 76 56 66 0 0 1 T M M 15.7 37 280 M M 4 48 290
29 80 48 64 -2 1 0 0.00 M M 7.3 22 290 M M 0 28 310
30 93 50 72 7 0 7 0.00 M M 5.5 15 330 M M 0 19 330
31 94 51 73 8 0 8 0.00 M M 4.7 10 140 M M 0 16 30
================================================================================
SM 2754 1764 7 260 0.64 M 275.3 M 51
================================================================================
AV 88.8 56.9 9.2 FASTST M M 2 MAX(MPH)
MISC ----> 37 280 48 290
================================================================================
NOTES:
# LAST OF SEVERAL OCCURRENCES
COLUMN 17 PEAK WIND IN M.P.H.
PRELIMINARY LOCAL CLIMATOLOGICAL DATA (WS FORM: F-6) , PAGE 2
STATION: BAKER MT
MONTH: AUGUST
YEAR: 2022
LATITUDE: 46 20 N
LONGITUDE: 104 15 W
[TEMPERATURE DATA] [PRECIPITATION DATA] SYMBOLS USED IN COLUMN 16
AVERAGE MONTHLY: 72.9 TOTAL FOR MONTH: 0.64 1 = FOG OR MIST
DPTR FM NORMAL: 3.8 DPTR FM NORMAL: -0.85 2 = FOG REDUCING VISIBILITY
HIGHEST: 102 ON 4 GRTST 24HR 0.26 ON 6- 6 TO 1/4 MILE OR LESS
LOWEST: 48 ON 29 3 = THUNDER
SNOW, ICE PELLETS, HAIL 4 = ICE PELLETS
TOTAL MONTH: M 5 = HAIL
GRTST 24HR M ON M 6 = FREEZING RAIN OR DRIZZLE
GRTST DEPTH: M ON M 7 = DUSTSTORM OR SANDSTORM:
VSBY 1/2 MILE OR LESS
8 = SMOKE OR HAZE
[NO. OF DAYS WITH] [WEATHER - DAYS WITH] 9 = BLOWING SNOW
X = TORNADO
MAX 32 OR BELOW: 0 0.01 INCH OR MORE: 7
MAX 90 OR ABOVE: 18 0.10 INCH OR MORE: 2
MIN 32 OR BELOW: 0 0.50 INCH OR MORE: 0
MIN 0 OR BELOW: 0 1.00 INCH OR MORE: 0
[HDD (BASE 65) ]
TOTAL THIS MO. 7 CLEAR (SCALE 0-3) 25
DPTR FM NORMAL -33 PTCLDY (SCALE 4-7) 5
TOTAL FM JUL 1 12 CLOUDY (SCALE 8-10) 1
DPTR FM NORMAL -47
[CDD (BASE 65) ]
TOTAL THIS MO. 260
DPTR FM NORMAL 91 [PRESSURE DATA]
TOTAL FM JAN 1 537 HIGHEST SLP 30.21 ON 6
DPTR FM NORMAL 110 LOWEST SLP 29.46 ON 27
[REMARKS]
#FINAL-08-22#