000
CXUS55 KBYZ 011000
CF6BHK
PRELIMINARY LOCAL CLIMATOLOGICAL DATA (WS FORM: F-6)
STATION: BAKER MT
MONTH: JULY
YEAR: 2021
LATITUDE: 46 20 N
LONGITUDE: 104 15 W
TEMPERATURE IN F: :PCPN: SNOW: WIND :SUNSHINE: SKY :PK WND
================================================================================
1 2 3 4 5 6A 6B 7 8 9 10 11 12 13 14 15 16 17 18
12Z AVG MX 2MIN
DY MAX MIN AVG DEP HDD CDD WTR SNW DPTH SPD SPD DIR MIN PSBL S-S WX SPD DR
================================================================================
1 96 57 77 9 0 12 0.00 M M 16.0 28 140 M M 1 35 120
2 97 63 80 12 0 15 T M M 19.3 32 130 M M 1 3 41 140
3 104 58 81 13 0 16 0.00 M M 10.7 25 310 M M 0 35 330
4 98 61 80 12 0 15 0.00 M M 8.0 32 180 M M 0 39 180
5 96 63 80 11 0 15 0.30 M M 9.8 24 240 M M 4 13 30 240
6 77 59 68 -1 0 3 T M M 11.4 22 80 M M 4 1 25 90
7 88 58 73 4 0 8 0.22 M M 16.4 44 280 M M 4 138 53 270
8 93 59 76 6 0 11 0.00 M M 10.2 40 340 M M 1 47 340
9 86 55 71 1 0 6 0.07 M M 9.8 25 310 M M 1 3 32 300
10 88 57 73 3 0 8 0.01 M M 6.7 15 340 M M 3 3 17 90
11 96 57 77 7 0 12 0.00 M M 16.2 24 150 M M 0 33 150
12 88 59 74 4 0 9 0.00 M M 12.0 22 330 M M 0 27 330
13 86 51 69 -2 0 4 0.05 M M 5.1 20 150 M M 1 22 150
14 85 57 71 0 0 6 0.02 M M 7.2 16 160 M M 3 20 160
15 93 56 75 4 0 10 0.00 M M 11.6 23 150 M M 1 28 150
16 99 68 84 13 0 19 0.04 M M 12.7 35 300 M M 2 3 51 300
17 99 64 82 11 0 17 0.16 M M 12.3 29 350 M M 1 3 51 360
18 101 61 81 9 0 16 0.00 M M 11.0 23 170 M M 0 35 170
19 101 63 82 10 0 17 0.00 M M 16.6 26 160 M M 0 34 130
20 100 64 82 10 0 17 0.08 M M 14.7 43 160 M M 1 3 53 160
21 95 64 80 8 0 15 0.00 M M 6.5 16 320 M M 1 24 320
22 100 63 82 10 0 17 0.67 M M 10.5 44 360 M M 1 13 53 340
23 92 62 77 5 0 12 0.00 M M 6.9 18 320 M M 1 1 23 330
24 90 53 72 0 0 7 0.00 M M 3.8 13 300 M M 0 8 19 330
25 99 56 78 6 0 13 0.00 M M 7.0 18 50 M M 0 24 50
26 101 59 80 8 0 15 0.00 M M 7.4 21 350 M M 0 26 350
27 107 64 86 14 0 21 0.00 M M 9.6 24 150 M M 0 8 27 140
28 91 64 78 6 0 13 0.00 M M 10.8 28 50 M M 0 34 40
29 75 59 67 -5 0 2 0.04 M M 12.5 23 140 M M 7 27 120
30 91 58 75 3 0 10 0.00 M M 8.0 15 70 M M 2 8 20 40
31 90 57 74 2 0 9 0.00 M M 6.1 16 360 M M 0 23 60
================================================================================
SM 2902 1849 0 370 1.66 M 326.8 M 40
================================================================================
AV 93.6 59.6 10.5 FASTST M M 1 MAX(MPH)
MISC ----> # 44 280 # 53 270
================================================================================
NOTES:
# LAST OF SEVERAL OCCURRENCES
COLUMN 17 PEAK WIND IN M.P.H.
PRELIMINARY LOCAL CLIMATOLOGICAL DATA (WS FORM: F-6) , PAGE 2
STATION: BAKER MT
MONTH: JULY
YEAR: 2021
LATITUDE: 46 20 N
LONGITUDE: 104 15 W
[TEMPERATURE DATA] [PRECIPITATION DATA] SYMBOLS USED IN COLUMN 16
AVERAGE MONTHLY: 76.6 TOTAL FOR MONTH: 1.66 1 = FOG OR MIST
DPTR FM NORMAL: 5.9 DPTR FM NORMAL: -0.37 2 = FOG REDUCING VISIBILITY
HIGHEST: 107 ON 27 GRTST 24HR 0.67 ON 22-22 TO 1/4 MILE OR LESS
LOWEST: 51 ON 13 3 = THUNDER
SNOW, ICE PELLETS, HAIL 4 = ICE PELLETS
TOTAL MONTH: M 5 = HAIL
GRTST 24HR M ON M 6 = FREEZING RAIN OR DRIZZLE
GRTST DEPTH: M ON M 7 = DUSTSTORM OR SANDSTORM:
VSBY 1/2 MILE OR LESS
8 = SMOKE OR HAZE
[NO. OF DAYS WITH] [WEATHER - DAYS WITH] 9 = BLOWING SNOW
X = TORNADO
MAX 32 OR BELOW: 0 0.01 INCH OR MORE: 11
MAX 90 OR ABOVE: 23 0.10 INCH OR MORE: 4
MIN 32 OR BELOW: 0 0.50 INCH OR MORE: 1
MIN 0 OR BELOW: 0 1.00 INCH OR MORE: 0
[HDD (BASE 65) ]
TOTAL THIS MO. 0 CLEAR (SCALE 0-3) 25
DPTR FM NORMAL -19 PTCLDY (SCALE 4-7) 6
TOTAL FM JUL 1 0 CLOUDY (SCALE 8-10) 0
DPTR FM NORMAL -13
[CDD (BASE 65) ]
TOTAL THIS MO. 370
DPTR FM NORMAL 173 [PRESSURE DATA]
TOTAL FM JAN 1 543 HIGHEST SLP 30.28 ON 31
DPTR FM NORMAL 285 LOWEST SLP 29.70 ON 8
[REMARKS]
#FINAL-07-21#