000
CXUS54 KBMX 021224
CF6BHM
PRELIMINARY LOCAL CLIMATOLOGICAL DATA (WS FORM: F-6)
STATION: BIRMINGHAM
MONTH: DECEMBER
YEAR: 2020
LATITUDE: 33 34 N
LONGITUDE: 86 45 W
TEMPERATURE IN F: :PCPN: SNOW: WIND :SUNSHINE: SKY :PK WND
================================================================================
1 2 3 4 5 6A 6B 7 8 9 10 11 12 13 14 15 16 17 18
12Z AVG MX 2MIN
DY MAX MIN AVG DEP HDD CDD WTR SNW DPTH SPD SPD DIR MIN PSBL S-S WX SPD DR
================================================================================
1 46 26 36 -13 29 0 0.00 0.0 0 4.8 15 280 M M 0 20 270
2 57 24 41 -8 24 0 0.00 0.0 0 3.3 14 20 M M 1 19 30
3 58 35 47 -2 18 0 0.00 0.0 0 7.0 16 140 M M 8 24 150
4 55 38 47 -2 18 0 0.24 0.0 0 6.9 18 290 M M 8 1 24 280
5 59 32 46 -2 19 0 0.00 0.0 0 1.2 10 270 M M 3 18 14 270
6 56 34 45 -3 20 0 0.01 0.0 0 3.2 12 260 M M 6 1 14 230
7 47 31 39 -9 26 0 0.00 0.0 0 8.6 23 310 M M 2 1 29 320
8 52 27 40 -8 25 0 0.00 0.0 0 2.8 13 340 M M 0 18 19 10
9 65 31 48 1 17 0 0.00 0.0 0 2.8 13 230 M M 2 18 16 270
10 71 37 54 7 11 0 0.00 0.0 0 1.3 9 180 M M 0 12 160
11 67 40 54 7 11 0 0.00 0.0 0 4.6 13 160 M M 5 1 19 160
12 63 48 56 9 9 0 0.24 0.0 0 6.2 16 160 M M 9 12 27 150
13 65 48 57 11 8 0 1.02 0.0 0 4.4 15 180 M M 9 12 20 160
14 57 33 45 -1 20 0 0.70 0.0 0 11.7 33 330 M M 10 1 41 330
15 53 30 42 -4 23 0 T 0.0 0 3.4 14 110 M M 6 1 20 100
16 48 36 42 -4 23 0 0.23 0.0 0 7.7 15 310 M M 10 1 19 290
17 43 29 36 -10 29 0 0.00 0.0 0 7.0 14 330 M M 6 18 280
18 53 26 40 -5 25 0 0.00 0.0 0 1.8 10 70 M M 3 13 60
19 55 30 43 -2 22 0 T 0.0 0 5.4 17 140 M M 5 27 140
20 58 46 52 7 13 0 0.03 0.0 0 2.6 9 280 M M 10 1 12 300
21 61 41 51 6 14 0 0.00 0.0 0 7.5 14 250 M M 4 18 260
22 64 34 49 4 16 0 0.00 0.0 0 1.6 12 350 M M 1 1 14 340
23 63 39 51 6 14 0 0.02 0.0 0 9.1 22 140 M M 7 32 130
24 57 29 43 -2 22 0 1.26 0.0 0 12.6 26 340 M M 8 1 33 340
25 38 24 31 -13 34 0 0.00 0.0 0 9.3 21 270 M M 1 27 260
26 51 21 36 -8 29 0 0.00 0.0 0 1.9 10 200 M M 1 12 190
27 61 28 45 1 20 0 0.00 0.0 0 4.6 15 180 M M 2 20 180
28 59 43 51 7 14 0 0.00 0.0 0 4.1 9 220 M M 8 13 200
29 65 35 50 6 15 0 0.00 0.0 0 3.2 12 180 M M 4 12 16 120
30 71 49 60 16 5 0 0.00 0.0 0 9.8 21 170 M M 6 28 150
31 64 52 58 14 7 0 0.07 0.0 0 6.4 15 120 M M 8 1 21 120
================================================================================
SM 1782 1076 580 0 3.82 0.0 166.8 M 153
================================================================================
AV 57.5 34.7 5.4 FASTST M M 5 MAX(MPH)
MISC ----> 33 330 41 330
================================================================================
NOTES:
# LAST OF SEVERAL OCCURRENCES
COLUMN 17 PEAK WIND IN M.P.H.
PRELIMINARY LOCAL CLIMATOLOGICAL DATA (WS FORM: F-6) , PAGE 2
STATION: BIRMINGHAM
MONTH: DECEMBER
YEAR: 2020
LATITUDE: 33 34 N
LONGITUDE: 86 45 W
[TEMPERATURE DATA] [PRECIPITATION DATA] SYMBOLS USED IN COLUMN 16
AVERAGE MONTHLY: 46.1 TOTAL FOR MONTH: 3.82 1 = FOG OR MIST
DPTR FM NORMAL: 0.0 DPTR FM NORMAL: -0.63 2 = FOG REDUCING VISIBILITY
HIGHEST: 71 ON 30,10 GRTST 24HR 1.72 ON 13-14 TO 1/4 MILE OR LESS
LOWEST: 21 ON 26 3 = THUNDER
SNOW, ICE PELLETS, HAIL 4 = ICE PELLETS
TOTAL MONTH: T 5 = HAIL
GRTST 24HR 0.0 6 = FREEZING RAIN OR DRIZZLE
GRTST DEPTH: 0 7 = DUSTSTORM OR SANDSTORM:
VSBY 1/2 MILE OR LESS
8 = SMOKE OR HAZE
[NO. OF DAYS WITH] [WEATHER - DAYS WITH] 9 = BLOWING SNOW
X = TORNADO
MAX 32 OR BELOW: 0 0.01 INCH OR MORE: 10
MAX 90 OR ABOVE: 0 0.10 INCH OR MORE: 6
MIN 32 OR BELOW: 14 0.50 INCH OR MORE: 3
MIN 0 OR BELOW: 0 1.00 INCH OR MORE: 2
[HDD (BASE 65) ]
TOTAL THIS MO. 580 CLEAR (SCALE 0-3) 12
DPTR FM NORMAL -9 PTCLDY (SCALE 4-7) 13
TOTAL FM JUL 1 864 CLOUDY (SCALE 8-10) 6
DPTR FM NORMAL -184
[CDD (BASE 65) ]
TOTAL THIS MO. 0
DPTR FM NORMAL -3 [PRESSURE DATA]
TOTAL FM JAN 1 2226 HIGHEST SLP 30.47 ON 18
DPTR FM NORMAL 168 LOWEST SLP 29.68 ON 14
[REMARKS]
#FINAL-12-20#