000
CXUS55 KVEF 010910
CF6BIH
PRELIMINARY LOCAL CLIMATOLOGICAL DATA (WS FORM: F-6)
STATION: BISHOP CA
MONTH: AUGUST
YEAR: 2022
LATITUDE: 37 22 N
LONGITUDE: 118 22 W
TEMPERATURE IN F: :PCPN: SNOW: WIND :SUNSHINE: SKY :PK WND
================================================================================
1 2 3 4 5 6A 6B 7 8 9 10 11 12 13 14 15 16 17 18
12Z AVG MX 2MIN
DY MAX MIN AVG DEP HDD CDD WTR SNW DPTH SPD SPD DIR MIN PSBL S-S WX SPD DR
================================================================================
1 86 64 75 -3 0 10 T 0.0 0 4.5 18 330 M M 6 3 25 320
2 96 60 78 0 0 13 0.00 0.0 0 7.7 21 260 M M 0 26 270
3 101 61 81 3 0 16 0.00 0.0 0 8.5 30 340 M M 1 3 41 340
4 99 61 80 2 0 15 T 0.0 0 9.0 33 160 M M 2 3 43 160
5 76 65 71 -7 0 6 0.71 0.0 0 7.2 23 150 M M 7 13 29 160
6 92 59 76 -2 0 11 0.00 0.0 0 7.4 18 160 M M 0 24 160
7 98 60 79 1 0 14 0.00 0.0 0 8.6 24 160 M M 0 32 160
8 97 63 80 3 0 15 0.00 0.0 0 6.9 22 130 M M 1 3 26 140
9 92 65 79 2 0 14 T 0.0 0 9.2 24 140 M M 4 3 31 130
10 97 60 79 2 0 14 0.00 0.0 0 11.5 24 160 M M 0 31 170
11 99 61 80 3 0 15 0.00 0.0 0 8.9 22 150 M M 0 27 170
12 101 58 80 3 0 15 0.00 0.0 0 5.9 14 150 M M 0 19 160
13 100 56 78 1 0 13 0.00 0.0 0 9.3 24 150 M M 0 31 140
14 101 58 80 4 0 15 0.00 0.0 0 5.2 13 140 M M 0 19 130
15 102 62 82 6 0 17 0.00 0.0 0 7.5 23 130 M M 0 30 140
16 96 60 78 2 0 13 0.00 0.0 0 7.2 31 250 M M 1 39 250
17 98 68 83 7 0 18 0.01 0.0 0 8.5 28 250 M M 3 3 35 250
18 98 62 80 4 0 15 T 0.0 0 6.9 20 350 M M 1 25 340
19 99 60 80 4 0 15 0.00 0.0 0 5.3 15 170 M M 0 18 190
20 102 58 80 5 0 15 0.00 0.0 0 5.3 15 350 M M 0 18 360
21 103 60 82 7 0 17 0.00 0.0 0 5.6 15 360 M M 0 19 200
22 104 60 82 7 0 17 0.00 0.0 0 5.0 15 60 M M 0 21 50
23 105 60 83 8 0 18 0.00 0.0 0 6.0 17 140 M M 0 23 130
24 102 57 80 5 0 15 0.00 0.0 0 5.5 16 160 M M 0 23 140
25 99 61 80 6 0 15 0.00 0.0 0 8.8 25 150 M M 0 32 140
26 99 59 79 5 0 14 0.00 0.0 0 6.0 20 340 M M 0 23 340
27 100 56 78 4 0 13 0.00 0.0 0 6.3 20 240 M M 0 22 240
28 98 55 77 3 0 12 0.00 0.0 0 10.0 21 150 M M 0 27 140
29 99 57 78 4 0 13 0.00 0.0 0 11.7 28 150 M M 0 38 150
30 101 56 79 6 0 14 0.00 0.0 0 10.2 25 180 M M 0 34 160
31 103 56 80 7 0 15 0.00 0.0 0 4.7 13 140 M M 0 19 110
================================================================================
SM 3043 1858 0 442 0.72 0.0 230.3 M 26
================================================================================
AV 98.2 59.9 7.4 FASTST M M 1 MAX(MPH)
MISC ----> 33 160 43 160
================================================================================
NOTES:
# LAST OF SEVERAL OCCURRENCES
COLUMN 17 PEAK WIND IN M.P.H.
PRELIMINARY LOCAL CLIMATOLOGICAL DATA (WS FORM: F-6) , PAGE 2
STATION: BISHOP CA
MONTH: AUGUST
YEAR: 2022
LATITUDE: 37 22 N
LONGITUDE: 118 22 W
[TEMPERATURE DATA] [PRECIPITATION DATA] SYMBOLS USED IN COLUMN 16
AVERAGE MONTHLY: 79.0 TOTAL FOR MONTH: 0.72 1 = FOG OR MIST
DPTR FM NORMAL: 3.0 DPTR FM NORMAL: 0.65 2 = FOG REDUCING VISIBILITY
HIGHEST: 105 ON 23 GRTST 24HR 0.71 ON 5- 5 TO 1/4 MILE OR LESS
LOWEST: 55 ON 28 3 = THUNDER
SNOW, ICE PELLETS, HAIL 4 = ICE PELLETS
TOTAL MONTH: 0.0 INCH 5 = HAIL
GRTST 24HR 0.0 6 = FREEZING RAIN OR DRIZZLE
GRTST DEPTH: 0 7 = DUSTSTORM OR SANDSTORM:
VSBY 1/2 MILE OR LESS
8 = SMOKE OR HAZE
[NO. OF DAYS WITH] [WEATHER - DAYS WITH] 9 = BLOWING SNOW
X = TORNADO
MAX 32 OR BELOW: 0 0.01 INCH OR MORE: 2
MAX 90 OR ABOVE: 29 0.10 INCH OR MORE: 1
MIN 32 OR BELOW: 0 0.50 INCH OR MORE: 1
MIN 0 OR BELOW: 0 1.00 INCH OR MORE: 0
[HDD (BASE 65) ]
TOTAL THIS MO. 0 CLEAR (SCALE 0-3) 28
DPTR FM NORMAL -1 PTCLDY (SCALE 4-7) 3
TOTAL FM JUL 1 0 CLOUDY (SCALE 8-10) 0
DPTR FM NORMAL 0
[CDD (BASE 65) ]
TOTAL THIS MO. 442
DPTR FM NORMAL 100 [PRESSURE DATA]
TOTAL FM JAN 1 1269 HIGHEST SLP M ON M
DPTR FM NORMAL 208 LOWEST SLP 29.65 ON 27
[REMARKS]
#FINAL-08-22#