000
CXUS55 KVEF 022126
CLABIH
CLIMATE REPORT
NATIONAL WEATHER SERVICE LAS VEGAS, NV
126 PM PST MON JAN 02 2023
...................................
...THE BISHOP CA CLIMATE SUMMARY FOR THE YEAR OF 2022...
CLIMATE NORMAL PERIOD: 1991 TO 2020
CLIMATE RECORD PERIOD: 1943 TO 2023
WEATHER OBSERVED NORMAL DEPART LAST YEAR`S
VALUE DATE(S) VALUE FROM VALUE DATE(S)
NORMAL
................................................................
TEMPERATURE (F)
RECORD
HIGH 111 07/10/2021
LOW -8 12/22/1990
12/27/1988
HIGHEST 107 09/05 MM MM 111 07/10
09/06
09/07
LOWEST 8 02/24 MM MM 12 01/23
AVG. MAXIMUM 77.2 76.4 0.8 78.1
AVG. MINIMUM 39.1 38.2 0.9 39.6
MEAN 58.2 57.3 0.9 58.8
DAYS MAX >= 90 108 104.0 4.0 126
DAYS MAX <= 32 0 0.0 0.0 1
DAYS MIN <= 32 156 139.2 16.8 130
DAYS MIN <= 0 0 0.0 0.0 0
PRECIPITATION (INCHES)
RECORD
MAXIMUM 17.09 1969
MINIMUM 0.80 1947
TOTALS 5.25 4.84 0.41 5.98
DAILY AVG. T 0.01 -0.01 T
DAYS >= .01 20 25.9 -5.9 17
DAYS >= .10 10 10.9 -0.9 8
DAYS >= .50 5 2.7 2.3 4
DAYS >= 1.00 0 0.8 -0.8 3
GREATEST
24 HR. TOTAL 1.50 12/10 TO 12/11 1.84 12/13 TO 12/14
STORM TOTAL 0.89 1.46
(MM/DD(HH)) 112/23(7) TO 12/23(22)
SNOWFALL (INCHES)
RECORDS
TOTAL 57.1 1969
24 HR TOTAL 18.0 01/24/1969 TO 01/25/1969
SNOW DEPTH 22 01/25/1969
TOTALS T MM MM 11.9
LIQUID EQUIV T MM MM 1.20
SINCE 7/1 T MM MM MM
LIQUID 7/1 -0.10 MM MM MM
SNOWDEPTH AVG. 0 0
DAYS >= TRACE 4 MM MM 7
DAYS >= 1.0 0 MM MM 2
GREATEST
SNOW DEPTH 0 9 01/27
01/28
24 HR TOTAL MM 9.3 01/27 TO 01/27
STORM TOTAL 0.0 9.3
(MM/DD(HH)) MM
DEGREE DAYS
HEATING TOTAL 3887 4001 -114 3696
SINCE 7/1 1718 1684 34 MM
COOLING TOTAL 1515 1212 303 1597
SINCE 1/1 1515 1211 304 MM
FREEZE DATES
RECORD
EARLIEST 09/11/1952
LATEST 06/16/1944
EARLIEST 10/24
LATEST 05/12
................................................................
WIND (MPH)
AVERAGE WIND SPEED 8.3
RESULTANT WIND SPEED/DIRECTION 2/330
HIGHEST WIND SPEED/DIRECTION 40/230 DATE 04/19
40/350 05/20
HIGHEST GUST SPEED/DIRECTION 56/350 DATE 05/20
SKY COVER
POSSIBLE SUNSHINE (PERCENT) MM
AVERAGE SKY COVER 0.07
NUMBER OF DAYS FAIR 343
NUMBER OF DAYS PC 21
NUMBER OF DAYS CLOUDY 1
AVERAGE RH (PERCENT) 37
WEATHER CONDITIONS. NUMBER OF DAYS WITH
THUNDERSTORM 14 MIXED PRECIP 0
HEAVY RAIN 6 RAIN 10
LIGHT RAIN 35 FREEZING RAIN 0
LT FREEZING RAIN 0 HAIL 0
HEAVY SNOW 0 SNOW 0
LIGHT SNOW 4 SLEET 0
FOG 9 FOG W/VIS <= 1/4 MILE 0
HAZE 6
- INDICATES NEGATIVE NUMBERS.
R INDICATES RECORD WAS SET OR TIED.
MM INDICATES DATA IS MISSING.
T INDICATES TRACE AMOUNT.
$$